{"id":888,"date":"2020-11-10T19:23:17","date_gmt":"2020-11-10T18:23:17","guid":{"rendered":"https:\/\/orbit-zavlahy.sk\/eshop\/?post_type=product&#038;p=888"},"modified":"2021-07-23T11:38:28","modified_gmt":"2021-07-23T09:38:28","slug":"vonkajsi-mist-professional","status":"publish","type":"product","link":"https:\/\/orbit-zavlahy.sk\/obchod\/product\/vonkajsi-mist-professional\/","title":{"rendered":"Vonkaj\u0161\u00ed Mist Professional"},"content":{"rendered":"<p>Na stiahnutie &#8211; N\u00c1VOD &#8211; <a href=\"https:\/\/orbit-zavlahy.sk\/obchod\/wp-content\/uploads\/2020\/11\/Professional-Vonkajsi-hmlovy-system.pdf\">Vonkaj\u0161\u00ed Mist Professional<\/a><\/p>\n","protected":false},"excerpt":{"rendered":"<p>Vonkaj\u0161\u00ed hmlov\u00fd syst\u00e9m Professional redukuje okolit\u00fa vonkaj\u0161iu teplotu a\u017e o<br \/>\n11\u00b0C. D\u00e1 sa zapoji\u0165 behom p\u00e1r min\u00fat v\u010faka extra odoln\u00e9mu mosadzn\u00e9mu slip-lok<br \/>\nsyst\u00e9mu spojok, ktor\u00e9 mo\u017eno ot\u00e1\u010da\u0165 v 360\u00b0 pre nasmerovanie hmly tam, kam<br \/>\npotrebujete. Tento vysokokvalitn\u00fd flexibiln\u00fd syst\u00e9m mo\u017eno roz\u0161\u00edri\u0165 a\u017e do 38,1 m, s pou\u017eit\u00edm<br \/>\npomocn\u00e9ho \u010derpadla sa v\u00fdkon syst\u00e9mu e\u0161te zvy\u0161uje.<br \/>\n\u2022 Skvel\u00fd na ochladzovanie vonkaj\u0161\u00edch priestorov.<br \/>\n\u2022 Pokrytie hmlou do 3 m.<br \/>\n\u2022 Roz\u0161\u00edrite\u013en\u00fd a\u017e do 38,1 m.<br \/>\n\u2022 Slip-lok spojky s ot\u00e1\u010dan\u00edm o 360\u00b0.<br \/>\n\u2022 D\u00e1 sa pripoji\u0165 k akejko\u013evek \u0161tandardnej z\u00e1hradnej hadici.<br \/>\n\u2022 Zv\u00fd\u0161te v\u00fdkon syst\u00e9mu pou\u017eit\u00edm pomocn\u00e9ho \u010derpadla.<\/p>\n","protected":false},"featured_media":1234,"template":"","meta":{"spay_email":""},"product_cat":[60,29],"product_tag":[75],"_links":{"self":[{"href":"https:\/\/orbit-zavlahy.sk\/obchod\/wp-json\/wp\/v2\/product\/888"}],"collection":[{"href":"https:\/\/orbit-zavlahy.sk\/obchod\/wp-json\/wp\/v2\/product"}],"about":[{"href":"https:\/\/orbit-zavlahy.sk\/obchod\/wp-json\/wp\/v2\/types\/product"}],"wp:featuredmedia":[{"embeddable":true,"href":"https:\/\/orbit-zavlahy.sk\/obchod\/wp-json\/wp\/v2\/media\/1234"}],"wp:attachment":[{"href":"https:\/\/orbit-zavlahy.sk\/obchod\/wp-json\/wp\/v2\/media?parent=888"}],"wp:term":[{"taxonomy":"product_cat","embeddable":true,"href":"https:\/\/orbit-zavlahy.sk\/obchod\/wp-json\/wp\/v2\/product_cat?post=888"},{"taxonomy":"product_tag","embeddable":true,"href":"https:\/\/orbit-zavlahy.sk\/obchod\/wp-json\/wp\/v2\/product_tag?post=888"}],"curies":[{"name":"wp","href":"https:\/\/api.w.org\/{rel}","templated":true}]}}