{"id":875,"date":"2020-11-10T19:02:25","date_gmt":"2020-11-10T18:02:25","guid":{"rendered":"https:\/\/orbit-zavlahy.sk\/eshop\/?post_type=product&#038;p=875"},"modified":"2020-11-25T08:38:33","modified_gmt":"2020-11-25T07:38:33","slug":"prenosny-hmlovy-osviezovac-sidewinder","status":"publish","type":"product","link":"https:\/\/orbit-zavlahy.sk\/obchod\/product\/prenosny-hmlovy-osviezovac-sidewinder\/","title":{"rendered":"Prenosn\u00fd hmlov\u00fd osvie\u017eova\u010d Sidewinder"},"content":{"rendered":"","protected":false},"excerpt":{"rendered":"<p>Flexibiln\u00fd samonosn\u00fd osvie\u017eova\u010d Sidewinder 6,35 mm predstavuje skvel\u00fd a pohodln\u00fd<br \/>\nsp\u00f4sob, ako sa osvie\u017ei\u0165 po\u010das hor\u00faceho d\u0148a. Hadicov\u00fd adapt\u00e9r sa d\u00e1 \u013eahko pripoji\u0165 k<br \/>\nakejko\u013evek hadici. V\u010faka extra jemnej rozpra\u0161ovacej hlavici zni\u017euje teplotu a\u017e o 11\u00b0C.<br \/>\nOh\u00fdban\u00edm a tvarovan\u00edm trubice nasmerujete trysku pod\u013ea potreby.<br \/>\n\u2022 Dostupn\u00fd v dvoch farb\u00e1ch: modr\u00e1 a zelen\u00e1.<br \/>\n\u2022 Flexibiln\u00e1 trubica so zachovan\u00edm tvaru.<br \/>\n\u2022 Mo\u017enos\u0165 ovin\u00fa\u0165 okolo stromov, ty\u010d\u00ed, stoli\u010diek, slne\u010dn\u00edkov pre univerz\u00e1lne hmlov\u00e9<br \/>\n\u2022 osvie\u017eovanie.<br \/>\n\u2022 Pripojite\u013en\u00e9 k \u0161tandardn\u00e9mu hadicov\u00e9mu koh\u00fatiku.<br \/>\n\u2022 D\u013a\u017eka trubice 76cm, tryska z mosadze a nerezovej ocele.<\/p>\n","protected":false},"featured_media":876,"template":"","meta":{"spay_email":""},"product_cat":[29,59],"product_tag":[],"_links":{"self":[{"href":"https:\/\/orbit-zavlahy.sk\/obchod\/wp-json\/wp\/v2\/product\/875"}],"collection":[{"href":"https:\/\/orbit-zavlahy.sk\/obchod\/wp-json\/wp\/v2\/product"}],"about":[{"href":"https:\/\/orbit-zavlahy.sk\/obchod\/wp-json\/wp\/v2\/types\/product"}],"wp:featuredmedia":[{"embeddable":true,"href":"https:\/\/orbit-zavlahy.sk\/obchod\/wp-json\/wp\/v2\/media\/876"}],"wp:attachment":[{"href":"https:\/\/orbit-zavlahy.sk\/obchod\/wp-json\/wp\/v2\/media?parent=875"}],"wp:term":[{"taxonomy":"product_cat","embeddable":true,"href":"https:\/\/orbit-zavlahy.sk\/obchod\/wp-json\/wp\/v2\/product_cat?post=875"},{"taxonomy":"product_tag","embeddable":true,"href":"https:\/\/orbit-zavlahy.sk\/obchod\/wp-json\/wp\/v2\/product_tag?post=875"}],"curies":[{"name":"wp","href":"https:\/\/api.w.org\/{rel}","templated":true}]}}