{"id":867,"date":"2020-11-10T18:56:05","date_gmt":"2020-11-10T17:56:05","guid":{"rendered":"https:\/\/orbit-zavlahy.sk\/eshop\/?post_type=product&#038;p=867"},"modified":"2020-11-12T09:59:20","modified_gmt":"2020-11-12T08:59:20","slug":"filtracna-vlozka-hydra-rah-90-mcr","status":"publish","type":"product","link":"https:\/\/orbit-zavlahy.sk\/obchod\/product\/filtracna-vlozka-hydra-rah-90-mcr\/","title":{"rendered":"Filtra\u010dn\u00e1 vlo\u017eka Hydra RAH 90 mcr"},"content":{"rendered":"","protected":false},"excerpt":{"rendered":"<p>pre samo\u010distiace filtre Hydra na \u00fapravu pitnej a \u00fa\u017eitkovej vody v dom\u00e1cnostiach,<br \/>\nz\u00e1vlah\u00e1ch a priemysle. Odoln\u00e1 nerezov\u00e1 vlo\u017eka 90 mcr, vhodn\u00e1 na filtr\u00e1ciu vody,<br \/>\nne\u010dist\u00f4t a od piesku, vhodn\u00e1 najm\u00e4 pre z\u00e1vlahov\u00e9 syst\u00e9my, sta\u010d\u00ed opl\u00e1chnu\u0165 v \u010distej<br \/>\nvode, pr\u00edpadne utrie\u0165 \u010distou handri\u010dkou a je znova pou\u017eite\u013en\u00e1.<\/p>\n","protected":false},"featured_media":1575,"template":"","meta":{"spay_email":""},"product_cat":[24,41],"product_tag":[],"_links":{"self":[{"href":"https:\/\/orbit-zavlahy.sk\/obchod\/wp-json\/wp\/v2\/product\/867"}],"collection":[{"href":"https:\/\/orbit-zavlahy.sk\/obchod\/wp-json\/wp\/v2\/product"}],"about":[{"href":"https:\/\/orbit-zavlahy.sk\/obchod\/wp-json\/wp\/v2\/types\/product"}],"wp:featuredmedia":[{"embeddable":true,"href":"https:\/\/orbit-zavlahy.sk\/obchod\/wp-json\/wp\/v2\/media\/1575"}],"wp:attachment":[{"href":"https:\/\/orbit-zavlahy.sk\/obchod\/wp-json\/wp\/v2\/media?parent=867"}],"wp:term":[{"taxonomy":"product_cat","embeddable":true,"href":"https:\/\/orbit-zavlahy.sk\/obchod\/wp-json\/wp\/v2\/product_cat?post=867"},{"taxonomy":"product_tag","embeddable":true,"href":"https:\/\/orbit-zavlahy.sk\/obchod\/wp-json\/wp\/v2\/product_tag?post=867"}],"curies":[{"name":"wp","href":"https:\/\/api.w.org\/{rel}","templated":true}]}}