{"id":865,"date":"2020-11-10T18:54:31","date_gmt":"2020-11-10T17:54:31","guid":{"rendered":"https:\/\/orbit-zavlahy.sk\/eshop\/?post_type=product&#038;p=865"},"modified":"2020-11-12T09:58:02","modified_gmt":"2020-11-12T08:58:02","slug":"samocistiaci-filter-s-vypustanim","status":"publish","type":"product","link":"https:\/\/orbit-zavlahy.sk\/obchod\/product\/samocistiaci-filter-s-vypustanim\/","title":{"rendered":"Samo\u010distiaci filter s vyp\u00fa\u0161\u0165an\u00edm"},"content":{"rendered":"","protected":false},"excerpt":{"rendered":"<p>sl\u00fa\u017e\u00ed na efekt\u00edvne a r\u00fdchle odstra\u0148ovanie pevn\u00fdch \u010dast\u00edc z vody pri zachovan\u00ed skvel\u00fdch<br \/>\nprieto\u010dn\u00fdch charakterist\u00edk. Pri \u010disten\u00ed ich nie je nutn\u00e9 rozobera\u0165 &#8211; sta\u010d\u00ed otvori\u0165<br \/>\nvyp\u00fa\u0161\u0165ac\u00ed ventil. Tento filter je ide\u00e1lny pre filtr\u00e1ciu vody pre automatick\u00e9 z\u00e1vlahy,<br \/>\nale aj in\u00e9 aplik\u00e1cie, kde je nutn\u00e1 mechanick\u00e1 filtr\u00e1cia ve\u013ek\u00e9ho prietoku vody pri malej<br \/>\ntlakovej strate a je vhodn\u00fd aj na pitn\u00fa vodu.<\/p>\n","protected":false},"featured_media":1574,"template":"","meta":{"spay_email":""},"product_cat":[24,41],"product_tag":[],"_links":{"self":[{"href":"https:\/\/orbit-zavlahy.sk\/obchod\/wp-json\/wp\/v2\/product\/865"}],"collection":[{"href":"https:\/\/orbit-zavlahy.sk\/obchod\/wp-json\/wp\/v2\/product"}],"about":[{"href":"https:\/\/orbit-zavlahy.sk\/obchod\/wp-json\/wp\/v2\/types\/product"}],"wp:featuredmedia":[{"embeddable":true,"href":"https:\/\/orbit-zavlahy.sk\/obchod\/wp-json\/wp\/v2\/media\/1574"}],"wp:attachment":[{"href":"https:\/\/orbit-zavlahy.sk\/obchod\/wp-json\/wp\/v2\/media?parent=865"}],"wp:term":[{"taxonomy":"product_cat","embeddable":true,"href":"https:\/\/orbit-zavlahy.sk\/obchod\/wp-json\/wp\/v2\/product_cat?post=865"},{"taxonomy":"product_tag","embeddable":true,"href":"https:\/\/orbit-zavlahy.sk\/obchod\/wp-json\/wp\/v2\/product_tag?post=865"}],"curies":[{"name":"wp","href":"https:\/\/api.w.org\/{rel}","templated":true}]}}