{"id":863,"date":"2020-11-10T18:53:22","date_gmt":"2020-11-10T17:53:22","guid":{"rendered":"https:\/\/orbit-zavlahy.sk\/eshop\/?post_type=product&#038;p=863"},"modified":"2020-11-12T09:55:13","modified_gmt":"2020-11-12T08:55:13","slug":"3-4-maly-filter-150-mesh","status":"publish","type":"product","link":"https:\/\/orbit-zavlahy.sk\/obchod\/product\/3-4-maly-filter-150-mesh\/","title":{"rendered":"3\/4\u201d mal\u00fd filter 150 mesh"},"content":{"rendered":"","protected":false},"excerpt":{"rendered":"<p>3\/4\u201d mal\u00fd filter 150 mesh; 2x vonkaj\u0161\u00ed z\u00e1vit, m\u00e1 pou\u017eitie hlavne pre kvapkov\u00fa z\u00e1vlahu<\/p>\n","protected":false},"featured_media":1400,"template":"","meta":{"spay_email":""},"product_cat":[24,41],"product_tag":[],"_links":{"self":[{"href":"https:\/\/orbit-zavlahy.sk\/obchod\/wp-json\/wp\/v2\/product\/863"}],"collection":[{"href":"https:\/\/orbit-zavlahy.sk\/obchod\/wp-json\/wp\/v2\/product"}],"about":[{"href":"https:\/\/orbit-zavlahy.sk\/obchod\/wp-json\/wp\/v2\/types\/product"}],"wp:featuredmedia":[{"embeddable":true,"href":"https:\/\/orbit-zavlahy.sk\/obchod\/wp-json\/wp\/v2\/media\/1400"}],"wp:attachment":[{"href":"https:\/\/orbit-zavlahy.sk\/obchod\/wp-json\/wp\/v2\/media?parent=863"}],"wp:term":[{"taxonomy":"product_cat","embeddable":true,"href":"https:\/\/orbit-zavlahy.sk\/obchod\/wp-json\/wp\/v2\/product_cat?post=863"},{"taxonomy":"product_tag","embeddable":true,"href":"https:\/\/orbit-zavlahy.sk\/obchod\/wp-json\/wp\/v2\/product_tag?post=863"}],"curies":[{"name":"wp","href":"https:\/\/api.w.org\/{rel}","templated":true}]}}