{"id":818,"date":"2020-11-10T16:00:00","date_gmt":"2020-11-10T15:00:00","guid":{"rendered":"https:\/\/orbit-zavlahy.sk\/eshop\/?post_type=product&#038;p=818"},"modified":"2020-11-25T11:20:30","modified_gmt":"2020-11-25T10:20:30","slug":"pripojovacia-priama-spojka-1-s-prevlecnou-maticou","status":"publish","type":"product","link":"https:\/\/orbit-zavlahy.sk\/obchod\/product\/pripojovacia-priama-spojka-1-s-prevlecnou-maticou\/","title":{"rendered":"Pripojovacia priama spojka 1\u201d s prevle\u010dnou maticou"},"content":{"rendered":"<p>komponenty manifoldu<\/p>\n","protected":false},"excerpt":{"rendered":"<p>Pripojovacia priama spojka 1\u201d s prevle\u010dnou maticou pre pripojenie samostatn\u00e9ho 1\u201d elektroventilu k PP spojk\u00e1m 32 mm x 1&#8243; <a href=\"https:\/\/orbit-zavlahy.sk\/obchod\/product\/dg-prechodovy-kus-s-vonkajsim-zavitom\/\">DG prechodov\u00fd kus s vonkaj\u0161\u00edm z\u00e1vitom<\/a> alebo <a href=\"https:\/\/orbit-zavlahy.sk\/obchod\/product\/dg-prechodovy-kus-s-vnutornym-zavitom\/\">DG prechodov\u00fd kus s vn\u00fatorn\u00fdm z\u00e1vitom 32 mm x 1&#8243;<\/a> &#8211; pod\u013ea z\u00e1vitu na ventile.<\/p>\n","protected":false},"featured_media":1374,"template":"","meta":{"spay_email":""},"product_cat":[24,39],"product_tag":[],"_links":{"self":[{"href":"https:\/\/orbit-zavlahy.sk\/obchod\/wp-json\/wp\/v2\/product\/818"}],"collection":[{"href":"https:\/\/orbit-zavlahy.sk\/obchod\/wp-json\/wp\/v2\/product"}],"about":[{"href":"https:\/\/orbit-zavlahy.sk\/obchod\/wp-json\/wp\/v2\/types\/product"}],"wp:featuredmedia":[{"embeddable":true,"href":"https:\/\/orbit-zavlahy.sk\/obchod\/wp-json\/wp\/v2\/media\/1374"}],"wp:attachment":[{"href":"https:\/\/orbit-zavlahy.sk\/obchod\/wp-json\/wp\/v2\/media?parent=818"}],"wp:term":[{"taxonomy":"product_cat","embeddable":true,"href":"https:\/\/orbit-zavlahy.sk\/obchod\/wp-json\/wp\/v2\/product_cat?post=818"},{"taxonomy":"product_tag","embeddable":true,"href":"https:\/\/orbit-zavlahy.sk\/obchod\/wp-json\/wp\/v2\/product_tag?post=818"}],"curies":[{"name":"wp","href":"https:\/\/api.w.org\/{rel}","templated":true}]}}