{"id":806,"date":"2020-11-10T15:25:08","date_gmt":"2020-11-10T14:25:08","guid":{"rendered":"https:\/\/orbit-zavlahy.sk\/eshop\/?post_type=product&#038;p=806"},"modified":"2021-07-23T13:53:41","modified_gmt":"2021-07-23T11:53:41","slug":"elektroventil-1-24-vac-az-do-10-barov-so-solenoidom","status":"publish","type":"product","link":"https:\/\/orbit-zavlahy.sk\/obchod\/product\/elektroventil-1-24-vac-az-do-10-barov-so-solenoidom\/","title":{"rendered":"Elektroventil 1\u201d 24 VAC a\u017e do 10 barov so solenoidom"},"content":{"rendered":"<p>Na stiahnutie &#8211; N\u00c1VOD &#8211; <a href=\"https:\/\/orbit-zavlahy.sk\/obchod\/wp-content\/uploads\/2020\/11\/elektroventil-so-solenoidom.pdf\">Elektroventil so solenoidom<\/a><\/p>\n","protected":false},"excerpt":{"rendered":"<p>Elektroventil 1\u201d 24 VAC a\u017e do 10 barov so solenoidom, 2x vn\u00fatorn\u00fd z\u00e1vit.<br \/>\nVentil rady 200 je doporu\u010den\u00fd do prietoku 7,9 m3\/hod (130 l\/min); ru\u010dn\u00e9 ovl\u00e1danie on\/off; pru\u017eina a vonkaj\u0161ie skrutky veka z nerezu; samo\u010distiaci filter; odoln\u00e1 membr\u00e1na s vysok\u00fdmi \u0161tandardmi, odoln\u00fd polypropyl\u00e9n; prepojenie dvoch vodi\u010dov ventilu s vodi\u010dmi k riadiacej jednotke pomocou <a href=\"https:\/\/orbit-zavlahy.sk\/obchod\/product\/jednotlive-vodotesne-konektory-dby\/\">vodotesn\u00fdch konektorov DBY<\/a>; pou\u017eitie ako hlavn\u00fd ventil z\u00e1kladnej zostavy alebo samostatn\u00e9 ventily na z\u00e1vlahovej ploche.<\/p>\n","protected":false},"featured_media":1369,"template":"","meta":{"spay_email":""},"product_cat":[24,39],"product_tag":[],"_links":{"self":[{"href":"https:\/\/orbit-zavlahy.sk\/obchod\/wp-json\/wp\/v2\/product\/806"}],"collection":[{"href":"https:\/\/orbit-zavlahy.sk\/obchod\/wp-json\/wp\/v2\/product"}],"about":[{"href":"https:\/\/orbit-zavlahy.sk\/obchod\/wp-json\/wp\/v2\/types\/product"}],"wp:featuredmedia":[{"embeddable":true,"href":"https:\/\/orbit-zavlahy.sk\/obchod\/wp-json\/wp\/v2\/media\/1369"}],"wp:attachment":[{"href":"https:\/\/orbit-zavlahy.sk\/obchod\/wp-json\/wp\/v2\/media?parent=806"}],"wp:term":[{"taxonomy":"product_cat","embeddable":true,"href":"https:\/\/orbit-zavlahy.sk\/obchod\/wp-json\/wp\/v2\/product_cat?post=806"},{"taxonomy":"product_tag","embeddable":true,"href":"https:\/\/orbit-zavlahy.sk\/obchod\/wp-json\/wp\/v2\/product_tag?post=806"}],"curies":[{"name":"wp","href":"https:\/\/api.w.org\/{rel}","templated":true}]}}