{"id":793,"date":"2020-11-10T15:01:40","date_gmt":"2020-11-10T14:01:40","guid":{"rendered":"https:\/\/orbit-zavlahy.sk\/eshop\/?post_type=product&#038;p=793"},"modified":"2021-01-19T15:00:04","modified_gmt":"2021-01-19T14:00:04","slug":"wifi-hub","status":"publish","type":"product","link":"https:\/\/orbit-zavlahy.sk\/obchod\/product\/wifi-hub\/","title":{"rendered":"Wifi HUB"},"content":{"rendered":"","protected":false},"excerpt":{"rendered":"<p>Wifi vysiela\u010d B-hyve\u00ae Hub, ktor\u00fd v\u00e1s po sp\u00e1rovan\u00ed s aplik\u00e1ciou upozorn\u00ed na pr\u00edpadn\u00fd<br \/>\n\u00fanik vody.<\/p>\n","protected":false},"featured_media":1552,"template":"","meta":{"spay_email":""},"product_cat":[71,23],"product_tag":[],"_links":{"self":[{"href":"https:\/\/orbit-zavlahy.sk\/obchod\/wp-json\/wp\/v2\/product\/793"}],"collection":[{"href":"https:\/\/orbit-zavlahy.sk\/obchod\/wp-json\/wp\/v2\/product"}],"about":[{"href":"https:\/\/orbit-zavlahy.sk\/obchod\/wp-json\/wp\/v2\/types\/product"}],"wp:featuredmedia":[{"embeddable":true,"href":"https:\/\/orbit-zavlahy.sk\/obchod\/wp-json\/wp\/v2\/media\/1552"}],"wp:attachment":[{"href":"https:\/\/orbit-zavlahy.sk\/obchod\/wp-json\/wp\/v2\/media?parent=793"}],"wp:term":[{"taxonomy":"product_cat","embeddable":true,"href":"https:\/\/orbit-zavlahy.sk\/obchod\/wp-json\/wp\/v2\/product_cat?post=793"},{"taxonomy":"product_tag","embeddable":true,"href":"https:\/\/orbit-zavlahy.sk\/obchod\/wp-json\/wp\/v2\/product_tag?post=793"}],"curies":[{"name":"wp","href":"https:\/\/api.w.org\/{rel}","templated":true}]}}