{"id":789,"date":"2020-11-10T14:45:26","date_gmt":"2020-11-10T13:45:26","guid":{"rendered":"https:\/\/orbit-zavlahy.sk\/eshop\/?post_type=product&#038;p=789"},"modified":"2020-11-18T16:39:36","modified_gmt":"2020-11-18T15:39:36","slug":"vodotesna-krabica-pre-riadiace-jednotky-2","status":"publish","type":"product","link":"https:\/\/orbit-zavlahy.sk\/obchod\/product\/vodotesna-krabica-pre-riadiace-jednotky-2\/","title":{"rendered":"Vodotesn\u00e1 krabica pre riadiace jednotky"},"content":{"rendered":"<p>Na stiahnutie &#8211; Manu\u00e1l: <a href=\"https:\/\/orbit-zavlahy.sk\/PDF\/57095-instruction-manual-svk.pdf\">Vodotesn\u00fd box pre riadiace jednotky<\/a><\/p>\n","protected":false},"excerpt":{"rendered":"<p>Vodotesn\u00e1 krabica pre riadiace jednotky<br \/>\nm\u00e1 za \u00falohu ochr\u00e1ni\u0165 vn\u00fatorn\u00e9 riadiace jednotky od nepriazniv\u00e9ho vplyvu<br \/>\npoveternostn\u00fdch podmienok, vhodn\u00e1 pre ktor\u00fako\u013evek vn\u00fatorn\u00fa<br \/>\nriadiacu jednotku, vyroben\u00e1 z tvrd\u00e9ho UV odoln\u00e9ho materi\u00e1lu, uzamykate\u013en\u00e1<\/p>\n","protected":false},"featured_media":728,"template":"","meta":{"spay_email":""},"product_cat":[71,23],"product_tag":[],"_links":{"self":[{"href":"https:\/\/orbit-zavlahy.sk\/obchod\/wp-json\/wp\/v2\/product\/789"}],"collection":[{"href":"https:\/\/orbit-zavlahy.sk\/obchod\/wp-json\/wp\/v2\/product"}],"about":[{"href":"https:\/\/orbit-zavlahy.sk\/obchod\/wp-json\/wp\/v2\/types\/product"}],"wp:featuredmedia":[{"embeddable":true,"href":"https:\/\/orbit-zavlahy.sk\/obchod\/wp-json\/wp\/v2\/media\/728"}],"wp:attachment":[{"href":"https:\/\/orbit-zavlahy.sk\/obchod\/wp-json\/wp\/v2\/media?parent=789"}],"wp:term":[{"taxonomy":"product_cat","embeddable":true,"href":"https:\/\/orbit-zavlahy.sk\/obchod\/wp-json\/wp\/v2\/product_cat?post=789"},{"taxonomy":"product_tag","embeddable":true,"href":"https:\/\/orbit-zavlahy.sk\/obchod\/wp-json\/wp\/v2\/product_tag?post=789"}],"curies":[{"name":"wp","href":"https:\/\/api.w.org\/{rel}","templated":true}]}}