{"id":787,"date":"2020-11-10T14:44:20","date_gmt":"2020-11-10T13:44:20","guid":{"rendered":"https:\/\/orbit-zavlahy.sk\/eshop\/?post_type=product&#038;p=787"},"modified":"2020-11-18T16:37:14","modified_gmt":"2020-11-18T15:37:14","slug":"rx-2-dazdovy-senzor","status":"publish","type":"product","link":"https:\/\/orbit-zavlahy.sk\/obchod\/product\/rx-2-dazdovy-senzor\/","title":{"rendered":"RX-2 da\u017e\u010fov\u00fd senzor"},"content":{"rendered":"<p>Na stiahnutie &#8211; Manu\u00e1l: <a href=\"https:\/\/orbit-zavlahy.sk\/PDF\/57071-instruction-manual-svk.pdf\">Orbit\u00ae bezdr\u00f4tov\u00fd da\u017e\u010fov\u00fd\/mrazov\u00fd senzor<\/a><\/p>\n","protected":false},"excerpt":{"rendered":"<p>RX-2 da\u017e\u010fov\u00fd senzor s dia\u013ekov\u00fdm prenosom na riadiacu jednotku<br \/>\n(bez k\u00e1bla); aktiv\u00e1cia nielen pri da\u017edi, ale i v pr\u00edpade mrazu, \u0161etr\u00ed<br \/>\nzavla\u017eovanie (vysiela\u010d + prij\u00edma\u010d); vstavan\u00e9 bat\u00e9rie s trvanlivos\u0165ou a\u017e 10 rokov;<br \/>\nvzdialenos\u0165 medzi vysiela\u010dom a prij\u00edma\u010dom m\u00f4\u017ee by\u0165 a\u017e nieko\u013eko desiatok<br \/>\nmetrov &#8211; vhodn\u00e9 tam, kde nemo\u017eno prepoji\u0165 riadiacu jednotku a senzor vodi\u010dom<\/p>\n","protected":false},"featured_media":788,"template":"","meta":{"spay_email":""},"product_cat":[71,23],"product_tag":[],"_links":{"self":[{"href":"https:\/\/orbit-zavlahy.sk\/obchod\/wp-json\/wp\/v2\/product\/787"}],"collection":[{"href":"https:\/\/orbit-zavlahy.sk\/obchod\/wp-json\/wp\/v2\/product"}],"about":[{"href":"https:\/\/orbit-zavlahy.sk\/obchod\/wp-json\/wp\/v2\/types\/product"}],"wp:featuredmedia":[{"embeddable":true,"href":"https:\/\/orbit-zavlahy.sk\/obchod\/wp-json\/wp\/v2\/media\/788"}],"wp:attachment":[{"href":"https:\/\/orbit-zavlahy.sk\/obchod\/wp-json\/wp\/v2\/media?parent=787"}],"wp:term":[{"taxonomy":"product_cat","embeddable":true,"href":"https:\/\/orbit-zavlahy.sk\/obchod\/wp-json\/wp\/v2\/product_cat?post=787"},{"taxonomy":"product_tag","embeddable":true,"href":"https:\/\/orbit-zavlahy.sk\/obchod\/wp-json\/wp\/v2\/product_tag?post=787"}],"curies":[{"name":"wp","href":"https:\/\/api.w.org\/{rel}","templated":true}]}}