{"id":729,"date":"2020-11-10T12:29:45","date_gmt":"2020-11-10T11:29:45","guid":{"rendered":"https:\/\/orbit-zavlahy.sk\/eshop\/?post_type=product&#038;p=729"},"modified":"2020-12-16T11:49:53","modified_gmt":"2020-12-16T10:49:53","slug":"riadiaca-jednotka-orbit-easy-set-logic-4-stn","status":"publish","type":"product","link":"https:\/\/orbit-zavlahy.sk\/obchod\/product\/riadiaca-jednotka-orbit-easy-set-logic-4-stn\/","title":{"rendered":"Riadiaca jednotka \u201cOrbit easy set Logic\u201d"},"content":{"rendered":"<p>Na stiahnutie: <a href=\"https:\/\/orbit-zavlahy.sk\/PDF\/rj.pdf\">Manu\u00e1l Orbit. Easy-Set Logic<\/a><\/p>\n","protected":false},"excerpt":{"rendered":"<p>Charakteristika:<br \/>\nRiadiaca jednotka ovl\u00e1da\u00a0 4 a\u017e 12 zavla\u017eovac\u00edch vetiev, riadiace jednotky rady Orbit easy set Logic prich\u00e1dzaj\u00fa vo vodotesnom boxe s integrovan\u00fdm trafom pre jednoduch\u00e9 zapojenie, ve\u013ek\u00fd LCD displej, jednoduch\u00e9 digit\u00e1lne programovanie, intuit\u00edvne ovl\u00e1danie, mo\u017enos\u0165 uzamknutia vodotesn\u00e9ho boxu, tla\u010didlo odkladu \u0161tartu o 24, 48, 72 hod., l\u00edtiov\u00e1 bat\u00e9ria pre pr\u00edpad vypadnutia pr\u00fadu, tri rozdielne programy s mo\u017enos\u0165ami a\u017e dvan\u00e1stich denn\u00fdch \u0161tartov, dvierka na p\u00e1ntoch pre jednoduch\u00fa manipul\u00e1ciu, ekonomiz\u00e9r 10-200% (vhodn\u00e9 pri malej v\u00fddatnosti zdroja vody)<\/p>\n","protected":false},"featured_media":1345,"template":"","meta":{"spay_email":""},"product_cat":[23,36],"product_tag":[],"_links":{"self":[{"href":"https:\/\/orbit-zavlahy.sk\/obchod\/wp-json\/wp\/v2\/product\/729"}],"collection":[{"href":"https:\/\/orbit-zavlahy.sk\/obchod\/wp-json\/wp\/v2\/product"}],"about":[{"href":"https:\/\/orbit-zavlahy.sk\/obchod\/wp-json\/wp\/v2\/types\/product"}],"wp:featuredmedia":[{"embeddable":true,"href":"https:\/\/orbit-zavlahy.sk\/obchod\/wp-json\/wp\/v2\/media\/1345"}],"wp:attachment":[{"href":"https:\/\/orbit-zavlahy.sk\/obchod\/wp-json\/wp\/v2\/media?parent=729"}],"wp:term":[{"taxonomy":"product_cat","embeddable":true,"href":"https:\/\/orbit-zavlahy.sk\/obchod\/wp-json\/wp\/v2\/product_cat?post=729"},{"taxonomy":"product_tag","embeddable":true,"href":"https:\/\/orbit-zavlahy.sk\/obchod\/wp-json\/wp\/v2\/product_tag?post=729"}],"curies":[{"name":"wp","href":"https:\/\/api.w.org\/{rel}","templated":true}]}}