{"id":718,"date":"2020-11-10T12:08:29","date_gmt":"2020-11-10T11:08:29","guid":{"rendered":"https:\/\/orbit-zavlahy.sk\/eshop\/?post_type=product&#038;p=718"},"modified":"2021-05-07T08:58:07","modified_gmt":"2021-05-07T06:58:07","slug":"riadiaca-jednotka-orbit-timer-ii-gen-24v","status":"publish","type":"product","link":"https:\/\/orbit-zavlahy.sk\/obchod\/product\/riadiaca-jednotka-orbit-timer-ii-gen-24v\/","title":{"rendered":"Riadiaca jednotka \u201cOrbit Timer II.GEN\u201d 6STN 24V"},"content":{"rendered":"<p>Pr\u00edslu\u0161enstvo: Trafo 230\/24 VAC<\/p>\n","protected":false},"excerpt":{"rendered":"<p>Charakteristika:<\/p>\n<p>Riadiaca jednotka ovl\u00e1da\u00a06 zavla\u017eovac\u00edch vetiev, vn\u00fatorn\u00e1 in\u0161tal\u00e1cia, \u013eahk\u00e9 programovanie (a\u017e \u0161tyri denn\u00e9 \u0161tarty pre program A a B), zavla\u017eovanie v intervale 1-28 dn\u00ed, doba zavla\u017eovania 1-99 min\u00fat pri ka\u017edom spusten\u00ed zavla\u017eovacej vetvy, jednoducho nastavite\u013en\u00e9 odlo\u017eenie \u0161tartu o 24, 48 a 72 hod. stl\u00e1\u010dan\u00edm jedn\u00e9ho tla\u010didla, svorkovnica pre hlavn\u00fd ventil a pre ovl\u00e1danie \u010derpadla, mo\u017enos\u0165 napojenia da\u017e\u010fov\u00e9ho senzora, z\u00e1lo\u017en\u00fd program na bat\u00e9rie, \u0161tyri re\u017eimy prev\u00e1dzky, n\u00edzka cena. Pr\u00edslu\u0161enstvo: Trafo 230\/24 VAC<\/p>\n","protected":false},"featured_media":1557,"template":"","meta":{"spay_email":""},"product_cat":[23,35],"product_tag":[],"_links":{"self":[{"href":"https:\/\/orbit-zavlahy.sk\/obchod\/wp-json\/wp\/v2\/product\/718"}],"collection":[{"href":"https:\/\/orbit-zavlahy.sk\/obchod\/wp-json\/wp\/v2\/product"}],"about":[{"href":"https:\/\/orbit-zavlahy.sk\/obchod\/wp-json\/wp\/v2\/types\/product"}],"wp:featuredmedia":[{"embeddable":true,"href":"https:\/\/orbit-zavlahy.sk\/obchod\/wp-json\/wp\/v2\/media\/1557"}],"wp:attachment":[{"href":"https:\/\/orbit-zavlahy.sk\/obchod\/wp-json\/wp\/v2\/media?parent=718"}],"wp:term":[{"taxonomy":"product_cat","embeddable":true,"href":"https:\/\/orbit-zavlahy.sk\/obchod\/wp-json\/wp\/v2\/product_cat?post=718"},{"taxonomy":"product_tag","embeddable":true,"href":"https:\/\/orbit-zavlahy.sk\/obchod\/wp-json\/wp\/v2\/product_tag?post=718"}],"curies":[{"name":"wp","href":"https:\/\/api.w.org\/{rel}","templated":true}]}}