{"id":3232,"date":"2021-02-24T12:34:15","date_gmt":"2021-02-24T11:34:15","guid":{"rendered":"https:\/\/orbit-zavlahy.sk\/obchod\/?post_type=product&#038;p=3232"},"modified":"2021-02-24T14:18:43","modified_gmt":"2021-02-24T13:18:43","slug":"1-2%e2%80%b3-nadzemny-uderovy-rozstrekovac-mosadzny","status":"publish","type":"product","link":"https:\/\/orbit-zavlahy.sk\/obchod\/product\/1-2%e2%80%b3-nadzemny-uderovy-rozstrekovac-mosadzny\/","title":{"rendered":"1\/2\u2033 nadzemn\u00fd \u00faderov\u00fd rozstrekova\u010d mosadzn\u00fd"},"content":{"rendered":"","protected":false},"excerpt":{"rendered":"<p>1\/2\u2033 nadzemn\u00fd \u00faderov\u00fd rozstrekova\u010d mosadzn\u00fd &#8211; profi, v\u00fdse\u010dov\u00fd i kruhov\u00fd, pre pripojenie na 1\/2\u2033 vonkaj\u0161\u00ed z\u00e1vit, dostrek 6 &#8211; 12 m, spotreba vody 3,79 &#8211; 22,71 l\/min pri tlaku 0,68-6,98 bar, vysoko odoln\u00e9 mosadzn\u00e9 prevedenie<\/p>\n","protected":false},"featured_media":3236,"template":"","meta":{"spay_email":""},"product_cat":[25,48],"product_tag":[],"_links":{"self":[{"href":"https:\/\/orbit-zavlahy.sk\/obchod\/wp-json\/wp\/v2\/product\/3232"}],"collection":[{"href":"https:\/\/orbit-zavlahy.sk\/obchod\/wp-json\/wp\/v2\/product"}],"about":[{"href":"https:\/\/orbit-zavlahy.sk\/obchod\/wp-json\/wp\/v2\/types\/product"}],"wp:featuredmedia":[{"embeddable":true,"href":"https:\/\/orbit-zavlahy.sk\/obchod\/wp-json\/wp\/v2\/media\/3236"}],"wp:attachment":[{"href":"https:\/\/orbit-zavlahy.sk\/obchod\/wp-json\/wp\/v2\/media?parent=3232"}],"wp:term":[{"taxonomy":"product_cat","embeddable":true,"href":"https:\/\/orbit-zavlahy.sk\/obchod\/wp-json\/wp\/v2\/product_cat?post=3232"},{"taxonomy":"product_tag","embeddable":true,"href":"https:\/\/orbit-zavlahy.sk\/obchod\/wp-json\/wp\/v2\/product_tag?post=3232"}],"curies":[{"name":"wp","href":"https:\/\/api.w.org\/{rel}","templated":true}]}}