{"id":2675,"date":"2020-11-17T14:48:28","date_gmt":"2020-11-17T13:48:28","guid":{"rendered":"https:\/\/orbit-zavlahy.sk\/eshop\/?post_type=product&#038;p=2675"},"modified":"2020-11-17T14:50:39","modified_gmt":"2020-11-17T13:50:39","slug":"vymenna-tryska-s-vnutornym-zavitom-uzky-rozstrek-dvoch-protilahlych-paprskov-sirka-50-cm-dostrek-15-m","status":"publish","type":"product","link":"https:\/\/orbit-zavlahy.sk\/obchod\/product\/vymenna-tryska-s-vnutornym-zavitom-uzky-rozstrek-dvoch-protilahlych-paprskov-sirka-50-cm-dostrek-15-m\/","title":{"rendered":"V\u00fdmenn\u00e1 tryska s vn\u00fatorn\u00fdm z\u00e1vitom &#8211; \u00fazky rozstrek dvoch proti\u013eahl\u00fdch paprskov \u0161\u00edrka 50 cm dostrek 1,5 m"},"content":{"rendered":"","protected":false},"excerpt":{"rendered":"<p>v\u00fdmenn\u00e1 tryska s vn\u00fatorn\u00fdm z\u00e1vitom rozstrek 6,7 x 6,7 m obd\u013a\u017enik; s filtrom pri tlak 1,7 baru 23 l\/min; vzostup 30\u00b0<\/p>\n","protected":false},"featured_media":2676,"template":"","meta":{"spay_email":""},"product_cat":[25,43,44],"product_tag":[],"_links":{"self":[{"href":"https:\/\/orbit-zavlahy.sk\/obchod\/wp-json\/wp\/v2\/product\/2675"}],"collection":[{"href":"https:\/\/orbit-zavlahy.sk\/obchod\/wp-json\/wp\/v2\/product"}],"about":[{"href":"https:\/\/orbit-zavlahy.sk\/obchod\/wp-json\/wp\/v2\/types\/product"}],"wp:featuredmedia":[{"embeddable":true,"href":"https:\/\/orbit-zavlahy.sk\/obchod\/wp-json\/wp\/v2\/media\/2676"}],"wp:attachment":[{"href":"https:\/\/orbit-zavlahy.sk\/obchod\/wp-json\/wp\/v2\/media?parent=2675"}],"wp:term":[{"taxonomy":"product_cat","embeddable":true,"href":"https:\/\/orbit-zavlahy.sk\/obchod\/wp-json\/wp\/v2\/product_cat?post=2675"},{"taxonomy":"product_tag","embeddable":true,"href":"https:\/\/orbit-zavlahy.sk\/obchod\/wp-json\/wp\/v2\/product_tag?post=2675"}],"curies":[{"name":"wp","href":"https:\/\/api.w.org\/{rel}","templated":true}]}}