{"id":2624,"date":"2020-11-16T14:21:10","date_gmt":"2020-11-16T13:21:10","guid":{"rendered":"https:\/\/orbit-zavlahy.sk\/eshop\/?post_type=product&#038;p=2624"},"modified":"2021-01-20T14:44:42","modified_gmt":"2021-01-20T13:44:42","slug":"mosadzny-rozdelovac-2-moznosti-pripojenia","status":"publish","type":"product","link":"https:\/\/orbit-zavlahy.sk\/obchod\/product\/mosadzny-rozdelovac-2-moznosti-pripojenia\/","title":{"rendered":"Mosadzn\u00fd rozde\u013eova\u010d, 2 mo\u017enosti pripojenia"},"content":{"rendered":"","protected":false},"excerpt":{"rendered":"<p>\u2022 Bez\u00fanikov\u00fd ventil.<br \/>\n\u2022 Dvojit\u00e9 nastavite\u013en\u00e9 riadenie toku.<br \/>\n\u2022 Pou\u017eite\u013en\u00e9 pre dve hadice z jedn\u00e9ho koh\u00fatika alebo jedn\u00e9ho potrubia pri pou\u017eit\u00ed uzatv\u00e1racieho\u00a0ventilu.<\/p>\n","protected":false},"featured_media":2626,"template":"","meta":{"spay_email":""},"product_cat":[85,32],"product_tag":[],"_links":{"self":[{"href":"https:\/\/orbit-zavlahy.sk\/obchod\/wp-json\/wp\/v2\/product\/2624"}],"collection":[{"href":"https:\/\/orbit-zavlahy.sk\/obchod\/wp-json\/wp\/v2\/product"}],"about":[{"href":"https:\/\/orbit-zavlahy.sk\/obchod\/wp-json\/wp\/v2\/types\/product"}],"wp:featuredmedia":[{"embeddable":true,"href":"https:\/\/orbit-zavlahy.sk\/obchod\/wp-json\/wp\/v2\/media\/2626"}],"wp:attachment":[{"href":"https:\/\/orbit-zavlahy.sk\/obchod\/wp-json\/wp\/v2\/media?parent=2624"}],"wp:term":[{"taxonomy":"product_cat","embeddable":true,"href":"https:\/\/orbit-zavlahy.sk\/obchod\/wp-json\/wp\/v2\/product_cat?post=2624"},{"taxonomy":"product_tag","embeddable":true,"href":"https:\/\/orbit-zavlahy.sk\/obchod\/wp-json\/wp\/v2\/product_tag?post=2624"}],"curies":[{"name":"wp","href":"https:\/\/api.w.org\/{rel}","templated":true}]}}