{"id":2618,"date":"2020-11-16T14:18:01","date_gmt":"2020-11-16T13:18:01","guid":{"rendered":"https:\/\/orbit-zavlahy.sk\/eshop\/?post_type=product&#038;p=2618"},"modified":"2021-01-20T14:49:05","modified_gmt":"2021-01-20T13:49:05","slug":"15m-hadica-so-zavlazovacou-pistolou","status":"publish","type":"product","link":"https:\/\/orbit-zavlahy.sk\/obchod\/product\/15m-hadica-so-zavlazovacou-pistolou\/","title":{"rendered":"HADICA 15m SO ZAVLA\u017dOVACOU PI\u0160TO\u013dOU"},"content":{"rendered":"","protected":false},"excerpt":{"rendered":"<p>\u2022 Hadica s pam\u00e4\u0165ou &#8211; vr\u00e1ti sa do p\u00f4vodn\u00e9ho tvaru pre pohodln\u00e9 skladovanie.<br \/>\n\u2022 R\u00fdchlo pripojite\u013en\u00e1 pre okam\u017eit\u00e9 pou\u017eitie.<br \/>\n\u2022 7 mo\u017enost\u00ed zavla\u017eovania.<\/p>\n","protected":false},"featured_media":2619,"template":"","meta":{"spay_email":""},"product_cat":[32,86],"product_tag":[],"_links":{"self":[{"href":"https:\/\/orbit-zavlahy.sk\/obchod\/wp-json\/wp\/v2\/product\/2618"}],"collection":[{"href":"https:\/\/orbit-zavlahy.sk\/obchod\/wp-json\/wp\/v2\/product"}],"about":[{"href":"https:\/\/orbit-zavlahy.sk\/obchod\/wp-json\/wp\/v2\/types\/product"}],"wp:featuredmedia":[{"embeddable":true,"href":"https:\/\/orbit-zavlahy.sk\/obchod\/wp-json\/wp\/v2\/media\/2619"}],"wp:attachment":[{"href":"https:\/\/orbit-zavlahy.sk\/obchod\/wp-json\/wp\/v2\/media?parent=2618"}],"wp:term":[{"taxonomy":"product_cat","embeddable":true,"href":"https:\/\/orbit-zavlahy.sk\/obchod\/wp-json\/wp\/v2\/product_cat?post=2618"},{"taxonomy":"product_tag","embeddable":true,"href":"https:\/\/orbit-zavlahy.sk\/obchod\/wp-json\/wp\/v2\/product_tag?post=2618"}],"curies":[{"name":"wp","href":"https:\/\/api.w.org\/{rel}","templated":true}]}}