{"id":2587,"date":"2020-11-16T13:50:05","date_gmt":"2020-11-16T12:50:05","guid":{"rendered":"https:\/\/orbit-zavlahy.sk\/eshop\/?post_type=product&#038;p=2587"},"modified":"2021-01-20T14:49:08","modified_gmt":"2021-01-20T13:49:08","slug":"signature-zavlazovacia-pistol-zadna-kontrola-prietoku","status":"publish","type":"product","link":"https:\/\/orbit-zavlahy.sk\/obchod\/product\/signature-zavlazovacia-pistol-zadna-kontrola-prietoku\/","title":{"rendered":"SIGNATURE ZAVLA\u017dOVACIA PI\u0160TO\u013d &#8211; zadn\u00e1 kontrola prietoku"},"content":{"rendered":"","protected":false},"excerpt":{"rendered":"<p>\u2022 \u013dahko nastavite\u013en\u00e1 od jemnej hmly a\u017e po siln\u00fd pr\u00fad vody .<br \/>\n\u2022 Zadn\u00fd sp\u00edna\u010d vypnutia\/zapnutia pre maxim\u00e1lne riadenie prietoku.<br \/>\n\u2022 Izolovan\u00e1 rukov\u00e4\u0165.<\/p>\n","protected":false},"featured_media":2588,"template":"","meta":{"spay_email":""},"product_cat":[32,86],"product_tag":[],"_links":{"self":[{"href":"https:\/\/orbit-zavlahy.sk\/obchod\/wp-json\/wp\/v2\/product\/2587"}],"collection":[{"href":"https:\/\/orbit-zavlahy.sk\/obchod\/wp-json\/wp\/v2\/product"}],"about":[{"href":"https:\/\/orbit-zavlahy.sk\/obchod\/wp-json\/wp\/v2\/types\/product"}],"wp:featuredmedia":[{"embeddable":true,"href":"https:\/\/orbit-zavlahy.sk\/obchod\/wp-json\/wp\/v2\/media\/2588"}],"wp:attachment":[{"href":"https:\/\/orbit-zavlahy.sk\/obchod\/wp-json\/wp\/v2\/media?parent=2587"}],"wp:term":[{"taxonomy":"product_cat","embeddable":true,"href":"https:\/\/orbit-zavlahy.sk\/obchod\/wp-json\/wp\/v2\/product_cat?post=2587"},{"taxonomy":"product_tag","embeddable":true,"href":"https:\/\/orbit-zavlahy.sk\/obchod\/wp-json\/wp\/v2\/product_tag?post=2587"}],"curies":[{"name":"wp","href":"https:\/\/api.w.org\/{rel}","templated":true}]}}