{"id":2584,"date":"2020-11-16T13:48:42","date_gmt":"2020-11-16T12:48:42","guid":{"rendered":"https:\/\/orbit-zavlahy.sk\/eshop\/?post_type=product&#038;p=2584"},"modified":"2021-01-20T14:49:08","modified_gmt":"2021-01-20T13:49:08","slug":"ultralahka-hlinikova-zavlazovacia-pistol-2","status":"publish","type":"product","link":"https:\/\/orbit-zavlahy.sk\/obchod\/product\/ultralahka-hlinikova-zavlazovacia-pistol-2\/","title":{"rendered":"ULTRA\u013dAHK\u00c1 HLIN\u00cdKOV\u00c1 ZAVLA\u017dOVACIA PI\u0160TO\u013d I."},"content":{"rendered":"","protected":false},"excerpt":{"rendered":"<p>\u2022 \u013dahk\u00e1 hlin\u00edkov\u00e1 kon\u0161trukcia.<br \/>\n\u2022 Pohodln\u00fd dizajn uchopenia.<br \/>\n\u2022 Izolovan\u00e1 rukov\u00e4\u0165 odoln\u00e1 proti podchladeniu alebo pop\u00e1leniu.<\/p>\n","protected":false},"featured_media":2586,"template":"","meta":{"spay_email":""},"product_cat":[32,86],"product_tag":[],"_links":{"self":[{"href":"https:\/\/orbit-zavlahy.sk\/obchod\/wp-json\/wp\/v2\/product\/2584"}],"collection":[{"href":"https:\/\/orbit-zavlahy.sk\/obchod\/wp-json\/wp\/v2\/product"}],"about":[{"href":"https:\/\/orbit-zavlahy.sk\/obchod\/wp-json\/wp\/v2\/types\/product"}],"wp:featuredmedia":[{"embeddable":true,"href":"https:\/\/orbit-zavlahy.sk\/obchod\/wp-json\/wp\/v2\/media\/2586"}],"wp:attachment":[{"href":"https:\/\/orbit-zavlahy.sk\/obchod\/wp-json\/wp\/v2\/media?parent=2584"}],"wp:term":[{"taxonomy":"product_cat","embeddable":true,"href":"https:\/\/orbit-zavlahy.sk\/obchod\/wp-json\/wp\/v2\/product_cat?post=2584"},{"taxonomy":"product_tag","embeddable":true,"href":"https:\/\/orbit-zavlahy.sk\/obchod\/wp-json\/wp\/v2\/product_tag?post=2584"}],"curies":[{"name":"wp","href":"https:\/\/api.w.org\/{rel}","templated":true}]}}