{"id":2532,"date":"2020-11-16T13:25:03","date_gmt":"2020-11-16T12:25:03","guid":{"rendered":"https:\/\/orbit-zavlahy.sk\/eshop\/?post_type=product&#038;p=2532"},"modified":"2021-01-20T14:49:10","modified_gmt":"2021-01-20T13:49:10","slug":"ultralahka-hlinikova-zavlazovacia-pistol","status":"publish","type":"product","link":"https:\/\/orbit-zavlahy.sk\/obchod\/product\/ultralahka-hlinikova-zavlazovacia-pistol\/","title":{"rendered":"ULTRA\u013dAHK\u00c1 HLIN\u00cdKOV\u00c1 ZAVLA\u017dOVACIA PI\u0160TO\u013d II."},"content":{"rendered":"","protected":false},"excerpt":{"rendered":"<p>\u2022 \u013dahk\u00e1 hlin\u00edkov\u00e1 kon\u0161trukcia.<br \/>\n\u2022 Vhodn\u00fd dizajn pre ru\u010dn\u00e9 uchopenie.<br \/>\n\u2022 Ot\u00e1\u010dan\u00edm nastavite\u013en\u00e1 hlavica.<\/p>\n","protected":false},"featured_media":2561,"template":"","meta":{"spay_email":""},"product_cat":[32,86],"product_tag":[],"_links":{"self":[{"href":"https:\/\/orbit-zavlahy.sk\/obchod\/wp-json\/wp\/v2\/product\/2532"}],"collection":[{"href":"https:\/\/orbit-zavlahy.sk\/obchod\/wp-json\/wp\/v2\/product"}],"about":[{"href":"https:\/\/orbit-zavlahy.sk\/obchod\/wp-json\/wp\/v2\/types\/product"}],"wp:featuredmedia":[{"embeddable":true,"href":"https:\/\/orbit-zavlahy.sk\/obchod\/wp-json\/wp\/v2\/media\/2561"}],"wp:attachment":[{"href":"https:\/\/orbit-zavlahy.sk\/obchod\/wp-json\/wp\/v2\/media?parent=2532"}],"wp:term":[{"taxonomy":"product_cat","embeddable":true,"href":"https:\/\/orbit-zavlahy.sk\/obchod\/wp-json\/wp\/v2\/product_cat?post=2532"},{"taxonomy":"product_tag","embeddable":true,"href":"https:\/\/orbit-zavlahy.sk\/obchod\/wp-json\/wp\/v2\/product_tag?post=2532"}],"curies":[{"name":"wp","href":"https:\/\/api.w.org\/{rel}","templated":true}]}}