{"id":2524,"date":"2020-11-16T13:02:54","date_gmt":"2020-11-16T12:02:54","guid":{"rendered":"https:\/\/orbit-zavlahy.sk\/eshop\/?post_type=product&#038;p=2524"},"modified":"2021-01-20T14:49:11","modified_gmt":"2021-01-20T13:49:11","slug":"sprchovacia-tyc-80-cm","status":"publish","type":"product","link":"https:\/\/orbit-zavlahy.sk\/obchod\/product\/sprchovacia-tyc-80-cm\/","title":{"rendered":"SPRCHOVACIA TY\u010c- 80 cm"},"content":{"rendered":"","protected":false},"excerpt":{"rendered":"<p>\u2022 Excelentn\u00e1 pre dosiahnutie visiacich kr\u00edkov a kvetin\u00e1\u010dov.<br \/>\n\u2022 Hlin\u00edkov\u00fd uzatv\u00e1rac\u00ed vetntil pre lep\u0161ie riadenie prietoku.<\/p>\n","protected":false},"featured_media":2527,"template":"","meta":{"spay_email":""},"product_cat":[32,86],"product_tag":[],"_links":{"self":[{"href":"https:\/\/orbit-zavlahy.sk\/obchod\/wp-json\/wp\/v2\/product\/2524"}],"collection":[{"href":"https:\/\/orbit-zavlahy.sk\/obchod\/wp-json\/wp\/v2\/product"}],"about":[{"href":"https:\/\/orbit-zavlahy.sk\/obchod\/wp-json\/wp\/v2\/types\/product"}],"wp:featuredmedia":[{"embeddable":true,"href":"https:\/\/orbit-zavlahy.sk\/obchod\/wp-json\/wp\/v2\/media\/2527"}],"wp:attachment":[{"href":"https:\/\/orbit-zavlahy.sk\/obchod\/wp-json\/wp\/v2\/media?parent=2524"}],"wp:term":[{"taxonomy":"product_cat","embeddable":true,"href":"https:\/\/orbit-zavlahy.sk\/obchod\/wp-json\/wp\/v2\/product_cat?post=2524"},{"taxonomy":"product_tag","embeddable":true,"href":"https:\/\/orbit-zavlahy.sk\/obchod\/wp-json\/wp\/v2\/product_tag?post=2524"}],"curies":[{"name":"wp","href":"https:\/\/api.w.org\/{rel}","templated":true}]}}