{"id":2511,"date":"2020-11-16T12:50:50","date_gmt":"2020-11-16T11:50:50","guid":{"rendered":"https:\/\/orbit-zavlahy.sk\/eshop\/?post_type=product&#038;p=2511"},"modified":"2021-01-20T14:49:11","modified_gmt":"2021-01-20T13:49:11","slug":"rucna-sprcha-90-cm","status":"publish","type":"product","link":"https:\/\/orbit-zavlahy.sk\/obchod\/product\/rucna-sprcha-90-cm\/","title":{"rendered":"RU\u010cN\u00c1 SPRCHA &#8211; 90 cm"},"content":{"rendered":"","protected":false},"excerpt":{"rendered":"<p>\u2022 4 r\u00f4zne farby.<br \/>\n\u2022 Sp\u00fa\u0161\u0165ac\u00ed koh\u00fatik pre lep\u0161ie riadenie toku.<br \/>\n\u2022 Vhodn\u00fd pre dosiahnutie visiacich kvetin\u00e1\u010dov a \u0165a\u017eko dostupn\u00fdch miest.<br \/>\n\u2022 9 r\u00f4znych mo\u017enost\u00ed zavla\u017eovania.<\/p>\n","protected":false},"featured_media":2517,"template":"","meta":{"spay_email":""},"product_cat":[32,86],"product_tag":[],"_links":{"self":[{"href":"https:\/\/orbit-zavlahy.sk\/obchod\/wp-json\/wp\/v2\/product\/2511"}],"collection":[{"href":"https:\/\/orbit-zavlahy.sk\/obchod\/wp-json\/wp\/v2\/product"}],"about":[{"href":"https:\/\/orbit-zavlahy.sk\/obchod\/wp-json\/wp\/v2\/types\/product"}],"wp:featuredmedia":[{"embeddable":true,"href":"https:\/\/orbit-zavlahy.sk\/obchod\/wp-json\/wp\/v2\/media\/2517"}],"wp:attachment":[{"href":"https:\/\/orbit-zavlahy.sk\/obchod\/wp-json\/wp\/v2\/media?parent=2511"}],"wp:term":[{"taxonomy":"product_cat","embeddable":true,"href":"https:\/\/orbit-zavlahy.sk\/obchod\/wp-json\/wp\/v2\/product_cat?post=2511"},{"taxonomy":"product_tag","embeddable":true,"href":"https:\/\/orbit-zavlahy.sk\/obchod\/wp-json\/wp\/v2\/product_tag?post=2511"}],"curies":[{"name":"wp","href":"https:\/\/api.w.org\/{rel}","templated":true}]}}