{"id":2489,"date":"2020-11-16T10:59:33","date_gmt":"2020-11-16T09:59:33","guid":{"rendered":"https:\/\/orbit-zavlahy.sk\/eshop\/?post_type=product&#038;p=2489"},"modified":"2021-01-20T15:24:19","modified_gmt":"2021-01-20T14:24:19","slug":"dads-sprinkler-stvorcovy-vzor","status":"publish","type":"product","link":"https:\/\/orbit-zavlahy.sk\/obchod\/product\/dads-sprinkler-stvorcovy-vzor\/","title":{"rendered":"DADS SPRINKLER &#8211; \u0160TVORCOV\u00dd VZOR"},"content":{"rendered":"","protected":false},"excerpt":{"rendered":"<p>\u2022 Ide\u00e1lny pre mal\u00e9 plochy a such\u00e9 miesta<br \/>\n\u2022 Pokr\u00fdva plochu ve\u013ekosti 9 m \u0161tvorcov\u00e9ho vzh\u013eadu<br \/>\n\u2022 Ur\u010den\u00fd na z\u00e1branenie hromadenia vody a vytv\u00e1rania kalu\u017e\u00ed.<\/p>\n","protected":false},"featured_media":2494,"template":"","meta":{"spay_email":""},"product_cat":[88,32],"product_tag":[],"_links":{"self":[{"href":"https:\/\/orbit-zavlahy.sk\/obchod\/wp-json\/wp\/v2\/product\/2489"}],"collection":[{"href":"https:\/\/orbit-zavlahy.sk\/obchod\/wp-json\/wp\/v2\/product"}],"about":[{"href":"https:\/\/orbit-zavlahy.sk\/obchod\/wp-json\/wp\/v2\/types\/product"}],"wp:featuredmedia":[{"embeddable":true,"href":"https:\/\/orbit-zavlahy.sk\/obchod\/wp-json\/wp\/v2\/media\/2494"}],"wp:attachment":[{"href":"https:\/\/orbit-zavlahy.sk\/obchod\/wp-json\/wp\/v2\/media?parent=2489"}],"wp:term":[{"taxonomy":"product_cat","embeddable":true,"href":"https:\/\/orbit-zavlahy.sk\/obchod\/wp-json\/wp\/v2\/product_cat?post=2489"},{"taxonomy":"product_tag","embeddable":true,"href":"https:\/\/orbit-zavlahy.sk\/obchod\/wp-json\/wp\/v2\/product_tag?post=2489"}],"curies":[{"name":"wp","href":"https:\/\/api.w.org\/{rel}","templated":true}]}}