{"id":2476,"date":"2020-11-16T10:48:57","date_gmt":"2020-11-16T09:48:57","guid":{"rendered":"https:\/\/orbit-zavlahy.sk\/eshop\/?post_type=product&#038;p=2476"},"modified":"2024-07-16T20:08:48","modified_gmt":"2024-07-16T18:08:48","slug":"pozinkovany-postrek-cd","status":"publish","type":"product","link":"https:\/\/orbit-zavlahy.sk\/obchod\/product\/pozinkovany-postrek-cd\/","title":{"rendered":"POZINKOVAN\u00dd POSTREK, CD"},"content":{"rendered":"","protected":false},"excerpt":{"rendered":"<p>\u2022 Ide\u00e1lny pre zavla\u017eovanie mal\u00fdch tr\u00e1vnat\u00fdch pl\u00f4ch.<br \/>\n\u2022 Pokrytie plochy &#8211; a\u017e 20 m2.<br \/>\n\u2022 Postrek v podobe da\u017e\u010fa.<\/p>\n","protected":false},"featured_media":2480,"template":"","meta":{"spay_email":""},"product_cat":[88,32],"product_tag":[],"_links":{"self":[{"href":"https:\/\/orbit-zavlahy.sk\/obchod\/wp-json\/wp\/v2\/product\/2476"}],"collection":[{"href":"https:\/\/orbit-zavlahy.sk\/obchod\/wp-json\/wp\/v2\/product"}],"about":[{"href":"https:\/\/orbit-zavlahy.sk\/obchod\/wp-json\/wp\/v2\/types\/product"}],"wp:featuredmedia":[{"embeddable":true,"href":"https:\/\/orbit-zavlahy.sk\/obchod\/wp-json\/wp\/v2\/media\/2480"}],"wp:attachment":[{"href":"https:\/\/orbit-zavlahy.sk\/obchod\/wp-json\/wp\/v2\/media?parent=2476"}],"wp:term":[{"taxonomy":"product_cat","embeddable":true,"href":"https:\/\/orbit-zavlahy.sk\/obchod\/wp-json\/wp\/v2\/product_cat?post=2476"},{"taxonomy":"product_tag","embeddable":true,"href":"https:\/\/orbit-zavlahy.sk\/obchod\/wp-json\/wp\/v2\/product_tag?post=2476"}],"curies":[{"name":"wp","href":"https:\/\/api.w.org\/{rel}","templated":true}]}}