{"id":2425,"date":"2020-11-16T09:11:13","date_gmt":"2020-11-16T08:11:13","guid":{"rendered":"https:\/\/orbit-zavlahy.sk\/eshop\/?post_type=product&#038;p=2425"},"modified":"2021-01-20T15:21:52","modified_gmt":"2021-01-20T14:21:52","slug":"kovovy-oscilator-16-dierovy","status":"publish","type":"product","link":"https:\/\/orbit-zavlahy.sk\/obchod\/product\/kovovy-oscilator-16-dierovy\/","title":{"rendered":"KOVOV\u00dd OSCIL\u00c1TOR &#8211; 16 DIEROV\u00dd"},"content":{"rendered":"","protected":false},"excerpt":{"rendered":"<p>\u2022 Pokrytie plochy a\u017e do 330 \u0161tvorcov\u00fdch metrov.<br \/>\n\u2022 Mosadzn\u00e9 potrubie a trysky poskytuj\u00face rovnomern\u00e9 zavla\u017eovanie.<\/p>\n","protected":false},"featured_media":2426,"template":"","meta":{"spay_email":""},"product_cat":[84,32],"product_tag":[],"_links":{"self":[{"href":"https:\/\/orbit-zavlahy.sk\/obchod\/wp-json\/wp\/v2\/product\/2425"}],"collection":[{"href":"https:\/\/orbit-zavlahy.sk\/obchod\/wp-json\/wp\/v2\/product"}],"about":[{"href":"https:\/\/orbit-zavlahy.sk\/obchod\/wp-json\/wp\/v2\/types\/product"}],"wp:featuredmedia":[{"embeddable":true,"href":"https:\/\/orbit-zavlahy.sk\/obchod\/wp-json\/wp\/v2\/media\/2426"}],"wp:attachment":[{"href":"https:\/\/orbit-zavlahy.sk\/obchod\/wp-json\/wp\/v2\/media?parent=2425"}],"wp:term":[{"taxonomy":"product_cat","embeddable":true,"href":"https:\/\/orbit-zavlahy.sk\/obchod\/wp-json\/wp\/v2\/product_cat?post=2425"},{"taxonomy":"product_tag","embeddable":true,"href":"https:\/\/orbit-zavlahy.sk\/obchod\/wp-json\/wp\/v2\/product_tag?post=2425"}],"curies":[{"name":"wp","href":"https:\/\/api.w.org\/{rel}","templated":true}]}}