{"id":2371,"date":"2020-11-14T17:58:38","date_gmt":"2020-11-14T16:58:38","guid":{"rendered":"https:\/\/orbit-zavlahy.sk\/eshop\/?post_type=product&#038;p=2371"},"modified":"2021-02-24T14:54:27","modified_gmt":"2021-02-24T13:54:27","slug":"1-2-plastovy-vozik-pre-nadzemne-rozstrekovace","status":"publish","type":"product","link":"https:\/\/orbit-zavlahy.sk\/obchod\/product\/1-2-plastovy-vozik-pre-nadzemne-rozstrekovace\/","title":{"rendered":"1\/2&#8243; plastov\u00fd voz\u00edk pre nadzemn\u00e9 rozstrekova\u010de"},"content":{"rendered":"","protected":false},"excerpt":{"rendered":"<p>1\/2&#8243; plastov\u00fd voz\u00edk pre nadzemn\u00e9 rozstrekova\u010de; pripojovac\u00ed z\u00e1vit pre rozstrekova\u010d 1\/2&#8243; vn\u00fatorn\u00fd, bo\u010dn\u00e9 z\u00e1vity 3\/4&#8243; vn\u00fatorn\u00e9, vonkaj\u0161ie pre pripojenie \u010fal\u0161\u00edch voz\u00edkov. Vonkaj\u0161\u00ed z\u00e1vit 3\/4&#8243; je vybaven\u00fd z\u00e1tkou.<\/p>\n","protected":false},"featured_media":1474,"template":"","meta":{"spay_email":""},"product_cat":[25,48],"product_tag":[],"_links":{"self":[{"href":"https:\/\/orbit-zavlahy.sk\/obchod\/wp-json\/wp\/v2\/product\/2371"}],"collection":[{"href":"https:\/\/orbit-zavlahy.sk\/obchod\/wp-json\/wp\/v2\/product"}],"about":[{"href":"https:\/\/orbit-zavlahy.sk\/obchod\/wp-json\/wp\/v2\/types\/product"}],"wp:featuredmedia":[{"embeddable":true,"href":"https:\/\/orbit-zavlahy.sk\/obchod\/wp-json\/wp\/v2\/media\/1474"}],"wp:attachment":[{"href":"https:\/\/orbit-zavlahy.sk\/obchod\/wp-json\/wp\/v2\/media?parent=2371"}],"wp:term":[{"taxonomy":"product_cat","embeddable":true,"href":"https:\/\/orbit-zavlahy.sk\/obchod\/wp-json\/wp\/v2\/product_cat?post=2371"},{"taxonomy":"product_tag","embeddable":true,"href":"https:\/\/orbit-zavlahy.sk\/obchod\/wp-json\/wp\/v2\/product_tag?post=2371"}],"curies":[{"name":"wp","href":"https:\/\/api.w.org\/{rel}","templated":true}]}}