{"id":2367,"date":"2020-11-14T17:45:33","date_gmt":"2020-11-14T16:45:33","guid":{"rendered":"https:\/\/orbit-zavlahy.sk\/eshop\/?post_type=product&#038;p=2367"},"modified":"2021-02-24T14:37:38","modified_gmt":"2021-02-24T13:37:38","slug":"kompletna-pripojovacia-sada-k-uderovym-nadzemnym-rozstrekovacom-1-2s-vonkajsim-zavitom","status":"publish","type":"product","link":"https:\/\/orbit-zavlahy.sk\/obchod\/product\/kompletna-pripojovacia-sada-k-uderovym-nadzemnym-rozstrekovacom-1-2s-vonkajsim-zavitom\/","title":{"rendered":"Kompletn\u00e1 pripojovacia sada k \u00faderov\u00fdm nadzemn\u00fdm rozstrekova\u010dom 1\/2&#8243;s vonkaj\u0161\u00edm z\u00e1vitom"},"content":{"rendered":"","protected":false},"excerpt":{"rendered":"<p>Kompletn\u00e1 pripojovacia sada k \u00faderov\u00fdm nadzemn\u00fdm rozstrekova\u010dom 1\/2&#8243;s vonkaj\u0161\u00edm z\u00e1vitom &#8211; adapt\u00e9r; hadi\u010dka 1,2 m; stojan, konektor, tesniaca vlo\u017eka, z\u00e1tka. PVC hadi\u010dka z\u00e1sobuje rozstrekova\u010d vodou a z opa\u010dnej strany sa pripojuje na norm\u00e1lne tenkostenn\u00e9 PE zavla\u017eovacie potrubie PN6 <a href=\"https:\/\/orbit-zavlahy.sk\/obchod\/product\/pruzne-pripojovacie-potrubie-qj-pe-20-mm\/\">Pru\u017en\u00e9 pripojovacie potrubie QJ PE 20 mm<\/a>. Najprv vyv\u0155tame do zavla\u017eovacieho potrubia otvor s priemerom cca 10 mm, do otvoru nasad\u00edme tesniacu vlo\u017eku a do nej vtla\u010d\u00edme konektor, ktor\u00fd je nasaden\u00fd na hadi\u010dke. V pr\u00edpade odpojenia rozstrekova\u010da nahrad\u00edme konektor z\u00e1tkou, ktor\u00e1 je s\u00fa\u010das\u0165ou sady. \u00daderov\u00fd rozstrekova\u010d nie je su\u010das\u0165ou dod\u00e1vky.<\/p>\n","protected":false},"featured_media":3230,"template":"","meta":{"spay_email":""},"product_cat":[25,48],"product_tag":[],"_links":{"self":[{"href":"https:\/\/orbit-zavlahy.sk\/obchod\/wp-json\/wp\/v2\/product\/2367"}],"collection":[{"href":"https:\/\/orbit-zavlahy.sk\/obchod\/wp-json\/wp\/v2\/product"}],"about":[{"href":"https:\/\/orbit-zavlahy.sk\/obchod\/wp-json\/wp\/v2\/types\/product"}],"wp:featuredmedia":[{"embeddable":true,"href":"https:\/\/orbit-zavlahy.sk\/obchod\/wp-json\/wp\/v2\/media\/3230"}],"wp:attachment":[{"href":"https:\/\/orbit-zavlahy.sk\/obchod\/wp-json\/wp\/v2\/media?parent=2367"}],"wp:term":[{"taxonomy":"product_cat","embeddable":true,"href":"https:\/\/orbit-zavlahy.sk\/obchod\/wp-json\/wp\/v2\/product_cat?post=2367"},{"taxonomy":"product_tag","embeddable":true,"href":"https:\/\/orbit-zavlahy.sk\/obchod\/wp-json\/wp\/v2\/product_tag?post=2367"}],"curies":[{"name":"wp","href":"https:\/\/api.w.org\/{rel}","templated":true}]}}