{"id":2349,"date":"2020-11-14T15:43:26","date_gmt":"2020-11-14T14:43:26","guid":{"rendered":"https:\/\/orbit-zavlahy.sk\/eshop\/?post_type=product&#038;p=2349"},"modified":"2020-12-03T16:32:18","modified_gmt":"2020-12-03T15:32:18","slug":"vytlacny-rad-armatur-set6-x-1-aquafos-sttb-8-s-konzolou","status":"publish","type":"product","link":"https:\/\/orbit-zavlahy.sk\/obchod\/product\/vytlacny-rad-armatur-set6-x-1-aquafos-sttb-8-s-konzolou\/","title":{"rendered":"V\u00fdtla\u010dn\u00fd rad Armat\u00far SET6 x 1\u201d AQUAFOS STTB 8 s konzolou"},"content":{"rendered":"","protected":false},"excerpt":{"rendered":"<p>pre prev\u00e1dzkovanie \u010derpadiel s frekven\u010dn\u00fdm meni\u010dom<\/p>\n","protected":false},"featured_media":2351,"template":"","meta":{"spay_email":""},"product_cat":[30,68],"product_tag":[81],"_links":{"self":[{"href":"https:\/\/orbit-zavlahy.sk\/obchod\/wp-json\/wp\/v2\/product\/2349"}],"collection":[{"href":"https:\/\/orbit-zavlahy.sk\/obchod\/wp-json\/wp\/v2\/product"}],"about":[{"href":"https:\/\/orbit-zavlahy.sk\/obchod\/wp-json\/wp\/v2\/types\/product"}],"wp:featuredmedia":[{"embeddable":true,"href":"https:\/\/orbit-zavlahy.sk\/obchod\/wp-json\/wp\/v2\/media\/2351"}],"wp:attachment":[{"href":"https:\/\/orbit-zavlahy.sk\/obchod\/wp-json\/wp\/v2\/media?parent=2349"}],"wp:term":[{"taxonomy":"product_cat","embeddable":true,"href":"https:\/\/orbit-zavlahy.sk\/obchod\/wp-json\/wp\/v2\/product_cat?post=2349"},{"taxonomy":"product_tag","embeddable":true,"href":"https:\/\/orbit-zavlahy.sk\/obchod\/wp-json\/wp\/v2\/product_tag?post=2349"}],"curies":[{"name":"wp","href":"https:\/\/api.w.org\/{rel}","templated":true}]}}