{"id":2330,"date":"2020-11-14T15:29:22","date_gmt":"2020-11-14T14:29:22","guid":{"rendered":"https:\/\/orbit-zavlahy.sk\/eshop\/?post_type=product&#038;p=2330"},"modified":"2020-11-14T15:50:55","modified_gmt":"2020-11-14T14:50:55","slug":"tlakovy-spinac-027-044-mpa","status":"publish","type":"product","link":"https:\/\/orbit-zavlahy.sk\/obchod\/product\/tlakovy-spinac-027-044-mpa\/","title":{"rendered":"Tlakov\u00fd sp\u00edna\u010d 027 &#8211; 044 MPa"},"content":{"rendered":"","protected":false},"excerpt":{"rendered":"<p>k vod\u00e1rni 220 V &#8211; mo\u017eno nastavi\u0165; prevle\u010dn\u00e1 matica.<br \/>\nZais\u0165uje automatick\u00e9 vypnutie a zapnutie \u010derpadla pod\u013ea nastaven\u00e9ho tlaku<\/p>\n","protected":false},"featured_media":2331,"template":"","meta":{"spay_email":""},"product_cat":[30,68],"product_tag":[],"_links":{"self":[{"href":"https:\/\/orbit-zavlahy.sk\/obchod\/wp-json\/wp\/v2\/product\/2330"}],"collection":[{"href":"https:\/\/orbit-zavlahy.sk\/obchod\/wp-json\/wp\/v2\/product"}],"about":[{"href":"https:\/\/orbit-zavlahy.sk\/obchod\/wp-json\/wp\/v2\/types\/product"}],"wp:featuredmedia":[{"embeddable":true,"href":"https:\/\/orbit-zavlahy.sk\/obchod\/wp-json\/wp\/v2\/media\/2331"}],"wp:attachment":[{"href":"https:\/\/orbit-zavlahy.sk\/obchod\/wp-json\/wp\/v2\/media?parent=2330"}],"wp:term":[{"taxonomy":"product_cat","embeddable":true,"href":"https:\/\/orbit-zavlahy.sk\/obchod\/wp-json\/wp\/v2\/product_cat?post=2330"},{"taxonomy":"product_tag","embeddable":true,"href":"https:\/\/orbit-zavlahy.sk\/obchod\/wp-json\/wp\/v2\/product_tag?post=2330"}],"curies":[{"name":"wp","href":"https:\/\/api.w.org\/{rel}","templated":true}]}}