{"id":2315,"date":"2020-11-14T15:20:07","date_gmt":"2020-11-14T14:20:07","guid":{"rendered":"https:\/\/orbit-zavlahy.sk\/eshop\/?post_type=product&#038;p=2315"},"modified":"2020-12-17T11:24:34","modified_gmt":"2020-12-17T10:24:34","slug":"tlakova-nadrz-horizontalna-60-80l-1","status":"publish","type":"product","link":"https:\/\/orbit-zavlahy.sk\/obchod\/product\/tlakova-nadrz-horizontalna-60-80l-1\/","title":{"rendered":"Tlakov\u00e1 n\u00e1dr\u017e horizont\u00e1lna 60 &#8211; 100l 1&#8243;"},"content":{"rendered":"","protected":false},"excerpt":{"rendered":"<p>Tlakov\u00e1 n\u00e1dr\u017e horizont\u00e1lna 1\u2033<\/p>\n","protected":false},"featured_media":2318,"template":"","meta":{"spay_email":""},"product_cat":[30,68],"product_tag":[],"_links":{"self":[{"href":"https:\/\/orbit-zavlahy.sk\/obchod\/wp-json\/wp\/v2\/product\/2315"}],"collection":[{"href":"https:\/\/orbit-zavlahy.sk\/obchod\/wp-json\/wp\/v2\/product"}],"about":[{"href":"https:\/\/orbit-zavlahy.sk\/obchod\/wp-json\/wp\/v2\/types\/product"}],"wp:featuredmedia":[{"embeddable":true,"href":"https:\/\/orbit-zavlahy.sk\/obchod\/wp-json\/wp\/v2\/media\/2318"}],"wp:attachment":[{"href":"https:\/\/orbit-zavlahy.sk\/obchod\/wp-json\/wp\/v2\/media?parent=2315"}],"wp:term":[{"taxonomy":"product_cat","embeddable":true,"href":"https:\/\/orbit-zavlahy.sk\/obchod\/wp-json\/wp\/v2\/product_cat?post=2315"},{"taxonomy":"product_tag","embeddable":true,"href":"https:\/\/orbit-zavlahy.sk\/obchod\/wp-json\/wp\/v2\/product_tag?post=2315"}],"curies":[{"name":"wp","href":"https:\/\/api.w.org\/{rel}","templated":true}]}}