{"id":2301,"date":"2020-11-14T14:19:11","date_gmt":"2020-11-14T13:19:11","guid":{"rendered":"https:\/\/orbit-zavlahy.sk\/eshop\/?post_type=product&#038;p=2301"},"modified":"2024-09-20T13:38:11","modified_gmt":"2024-09-20T11:38:11","slug":"aquanaut-96-c-8","status":"publish","type":"product","link":"https:\/\/orbit-zavlahy.sk\/obchod\/product\/aquanaut-96-c-8\/","title":{"rendered":"AQUANAUT 96 C\/8"},"content":{"rendered":"<p>PONORN\u00c9 \u010cERPADLO 4&#8243; AQUANAUT 96 C\/8 230V; 0,37KW S 20M K\u00c1BLOM 4GX1,5<\/p>\n","protected":false},"excerpt":{"rendered":"<div>Pracovn\u00e1 oblas\u0165 \u010derpadla: H= 54-12 m, Q= 10-60 l\/min. Do vrtov od\u00a0\u00d8110 mm a viac.<\/div>\n<p>Kon\u0161trukcia<strong>\u00a0<\/strong>\u010derpadla ur\u010den\u00e9ho do vrtov, studn\u00ed, n\u00e1dr\u017e\u00ed, vodojemov i zbern\u00fdch \u0161\u00e1cht je vhodn\u00e1 pre dom\u00e1ce ako aj priemyseln\u00e9 pou\u017eitie zavla\u017eovania \u010di postrekovania neagres\u00edvnou, chemicky a mechanicky \u010distou vodou. Obe\u017en\u00e9 koles\u00e1 z oteruvzdorn\u00fdch plastov na hriadeli s\u00fa volne ulo\u017een\u00e9, maj\u00fa vo\u013en\u00fd axi\u00e1lny pohyb, \u010d\u00edm sa zni\u017euje mo\u017enos\u0165 zadretia \u010derpadla. Vodotesnos\u0165 motora zabezpe\u010duj\u00fa kvalitn\u00e9 tesniace elementy a klzn\u00e9 tesnenie. Klzn\u00e9 dvojice tesnesn\u00ed s\u00fa mazan\u00e9 olejovou n\u00e1pl\u0148ou motora. Tak\u00e1to kon\u0161trukcia zaru\u010duje dlh\u00fa \u017eivotnos\u0165 tesnenia a bezporuchov\u00fa prev\u00e1dzku motora a \u010derpadla.<\/p>\n<div class=\"flypage_params_wrap\">\n<div class=\"product_params\">\n<div class=\"param_item product_param-type_4 even sub_group_ param_id_1\"><span class=\"product_param-title\">Zdroj vody<\/span><span class=\"product_param-separ\">:<\/span><span class=\"product_param-value\"><span class=\"product_param-multi_value last\">SV20 = \u0161tandardn\u00fd vrt h\u013abka do 20m<\/span><\/span><\/div>\n<div class=\"param_item product_param-type_3 odd sub_group_ param_id_6 param_val_id_1\"><span class=\"product_param-title\">Sp\u00f4sob pou\u017e\u00edvania<\/span><span class=\"product_param-separ\">:<\/span><span class=\"product_param-value\">D = ob\u010dasn\u00e9 sez\u00f3nne vyu\u017eitie<\/span><\/div>\n<div class=\"param_item product_param-type_4 even sub_group_ param_id_4\"><span class=\"product_param-title\">Nap\u00e4tie<\/span><span class=\"product_param-separ\">:<\/span><span class=\"product_param-value\"><span class=\"product_param-multi_value last\">1x230V<\/span><\/span><\/div>\n<div class=\"param_item product_param-type_3 odd sub_group_ param_id_25 param_val_id_1\"><span class=\"product_param-title\">Prevedenie motora<\/span><span class=\"product_param-separ\">:<\/span><span class=\"product_param-value\">SD-hlavne sez\u00f3nna prev\u00e1dzka<\/span><\/div>\n<div class=\"param_item product_param-type_4 even sub_group_ param_id_7\"><span class=\"product_param-title\">Po\u017eadovan\u00fd optim\u00e1lny prietok<\/span><span class=\"product_param-separ\">:<\/span><span class=\"product_param-value\"><span class=\"product_param-multi_value last\">40 l\/min<\/span><\/span><\/div>\n<div class=\"param_item product_param-type_4 odd sub_group_ param_id_2\"><span class=\"product_param-title\">Dimenzia odpor\u00fa\u010dan\u00fdch rozvodov<\/span><span class=\"product_param-separ\">:<\/span><span class=\"product_param-value\"><span class=\"product_param-multi_value last\">Plastov\u00e1 r\u00fara DN32 (1&#8243;) bez obmedzenia (40l\/min)<\/span><\/span><\/div>\n<div class=\"param_item product_param-type_4 even sub_group_ param_id_5\"><span class=\"product_param-title\">Prevedenie \u010derpadla<\/span><span class=\"product_param-separ\">:<\/span><span class=\"product_param-value\"><span class=\"product_param-multi_value last\">96-hlavne sez\u00f3nna prev\u00e1dzka<\/span><\/span><\/div>\n<div class=\"param_item product_param-type_4 odd sub_group_ param_id_33\"><span class=\"product_param-title\">V\u00fdkon<\/span><span class=\"product_param-separ\">:<\/span><span class=\"product_param-value\"><span class=\"product_param-multi_value last\">0,37kW<\/span><\/span><\/div>\n<div class=\"param_item product_param-type_4 even sub_group_ param_id_40\"><span class=\"product_param-title\">Sp\u00f4sob pou\u017e\u00edvania<\/span><span class=\"product_param-separ\">:<\/span><span class=\"product_param-value\"><span class=\"product_param-multi_value last\">D<\/span><\/span><\/div>\n<div class=\"param_item product_param-type_0 odd sub_group_ param_id_47\"><span class=\"product_param-title\">Optim\u00e1lny v\u00fdtlak<\/span><span class=\"product_param-separ\">:<\/span><span class=\"product_param-value\">38<\/span><\/div>\n<\/div>\n<\/div>\n<div class=\"flypage-desc\"><\/div>\n","protected":false},"featured_media":2302,"template":"","meta":{"spay_email":""},"product_cat":[30,67],"product_tag":[],"_links":{"self":[{"href":"https:\/\/orbit-zavlahy.sk\/obchod\/wp-json\/wp\/v2\/product\/2301"}],"collection":[{"href":"https:\/\/orbit-zavlahy.sk\/obchod\/wp-json\/wp\/v2\/product"}],"about":[{"href":"https:\/\/orbit-zavlahy.sk\/obchod\/wp-json\/wp\/v2\/types\/product"}],"wp:featuredmedia":[{"embeddable":true,"href":"https:\/\/orbit-zavlahy.sk\/obchod\/wp-json\/wp\/v2\/media\/2302"}],"wp:attachment":[{"href":"https:\/\/orbit-zavlahy.sk\/obchod\/wp-json\/wp\/v2\/media?parent=2301"}],"wp:term":[{"taxonomy":"product_cat","embeddable":true,"href":"https:\/\/orbit-zavlahy.sk\/obchod\/wp-json\/wp\/v2\/product_cat?post=2301"},{"taxonomy":"product_tag","embeddable":true,"href":"https:\/\/orbit-zavlahy.sk\/obchod\/wp-json\/wp\/v2\/product_tag?post=2301"}],"curies":[{"name":"wp","href":"https:\/\/api.w.org\/{rel}","templated":true}]}}