{"id":2296,"date":"2020-11-14T14:02:54","date_gmt":"2020-11-14T13:02:54","guid":{"rendered":"https:\/\/orbit-zavlahy.sk\/eshop\/?post_type=product&#038;p=2296"},"modified":"2020-11-14T14:18:06","modified_gmt":"2020-11-14T13:18:06","slug":"dab-9m","status":"publish","type":"product","link":"https:\/\/orbit-zavlahy.sk\/obchod\/product\/dab-9m\/","title":{"rendered":"DAB &#8211; 9M"},"content":{"rendered":"<p>Viacstup\u0148ov\u00e9 \u0161tvorpalcov\u00e9 \u010derpadlo pre vrty a studne &#8211; s control boxom<\/p>\n","protected":false},"excerpt":{"rendered":"<p>Ponorn\u00e9 viacstup\u0148ov\u00e9 jednof\u00e1zov\u00e9 celonerezov\u00e9 \u010derpadl\u00e1 s priemerom 98 mm so vstavanou sp\u00e4tnou klapkou pre n\u00e1ro\u010dn\u00e9 aplik\u00e1cie v ob\u010dianskom i priemyselnom sektore. Dod\u00e1vaj\u00fa sa v rozlo\u017eenom stave s pripojovac\u00edm k\u00e1blom 30 m, jednof\u00e1zov\u00e9 \u010derpadl\u00e1 s\u00fa vr\u00e1tane rozbehovej skrinky. Pripojenie G 5\/4\u201c.<\/p>\n<p>&nbsp;<\/p>\n","protected":false},"featured_media":2298,"template":"","meta":{"spay_email":""},"product_cat":[30,67],"product_tag":[],"_links":{"self":[{"href":"https:\/\/orbit-zavlahy.sk\/obchod\/wp-json\/wp\/v2\/product\/2296"}],"collection":[{"href":"https:\/\/orbit-zavlahy.sk\/obchod\/wp-json\/wp\/v2\/product"}],"about":[{"href":"https:\/\/orbit-zavlahy.sk\/obchod\/wp-json\/wp\/v2\/types\/product"}],"wp:featuredmedia":[{"embeddable":true,"href":"https:\/\/orbit-zavlahy.sk\/obchod\/wp-json\/wp\/v2\/media\/2298"}],"wp:attachment":[{"href":"https:\/\/orbit-zavlahy.sk\/obchod\/wp-json\/wp\/v2\/media?parent=2296"}],"wp:term":[{"taxonomy":"product_cat","embeddable":true,"href":"https:\/\/orbit-zavlahy.sk\/obchod\/wp-json\/wp\/v2\/product_cat?post=2296"},{"taxonomy":"product_tag","embeddable":true,"href":"https:\/\/orbit-zavlahy.sk\/obchod\/wp-json\/wp\/v2\/product_tag?post=2296"}],"curies":[{"name":"wp","href":"https:\/\/api.w.org\/{rel}","templated":true}]}}