{"id":2283,"date":"2020-11-14T12:32:44","date_gmt":"2020-11-14T11:32:44","guid":{"rendered":"https:\/\/orbit-zavlahy.sk\/eshop\/?post_type=product&#038;p=2283"},"modified":"2020-11-14T12:41:48","modified_gmt":"2020-11-14T11:41:48","slug":"cam-100","status":"publish","type":"product","link":"https:\/\/orbit-zavlahy.sk\/obchod\/product\/cam-100\/","title":{"rendered":"CAM 100"},"content":{"rendered":"<p>CAM 100 &#8211; liatinov\u00e9 osdstrediv\u00e9 samonas\u00e1vacie \u010derpadlo<\/p>\n","protected":false},"excerpt":{"rendered":"<p>&nbsp;<\/p>\n<ul>\n<li style=\"list-style-type: none;\">\n<ul>\n<li>Rozsah teploty kvapaliny:od 0 \u00b0C do + 35 \u00b0C (EN 60335 -2 \u2013 41 pre dom\u00e1ce pou\u017eitie)od 0 \u00b0C do + 40 \u00b0C (pre ostatn\u00e9 pou\u017eitie)<\/li>\n<li>\u010cerpan\u00e1 kvapalina: \u010dist\u00e1, bez pevn\u00fdch a abraz\u00edvnych l\u00e1tok, neagres\u00edvna, nevisk\u00f3zna, nekry\u0161talizuj\u00faca, chemicky neutr\u00e1lna, vlastnos\u0165ami bl\u00edzka vode<\/li>\n<li>Maxim\u00e1lny pracovn\u00fd tlak: JETINOX 6 bar (600 kPa)<\/li>\n<li>Maxim\u00e1lny prietok: 52l\/min<\/li>\n<li>Maxim\u00e1lny v\u00fdtlak: 60m<\/li>\n<li>Nap\u00e4tie: 230V \/v\u00fdtlak: G1&#8243; \/ G1&#8243;<\/li>\n<\/ul>\n<\/li>\n<\/ul>\n","protected":false},"featured_media":2284,"template":"","meta":{"spay_email":""},"product_cat":[30,65],"product_tag":[],"_links":{"self":[{"href":"https:\/\/orbit-zavlahy.sk\/obchod\/wp-json\/wp\/v2\/product\/2283"}],"collection":[{"href":"https:\/\/orbit-zavlahy.sk\/obchod\/wp-json\/wp\/v2\/product"}],"about":[{"href":"https:\/\/orbit-zavlahy.sk\/obchod\/wp-json\/wp\/v2\/types\/product"}],"wp:featuredmedia":[{"embeddable":true,"href":"https:\/\/orbit-zavlahy.sk\/obchod\/wp-json\/wp\/v2\/media\/2284"}],"wp:attachment":[{"href":"https:\/\/orbit-zavlahy.sk\/obchod\/wp-json\/wp\/v2\/media?parent=2283"}],"wp:term":[{"taxonomy":"product_cat","embeddable":true,"href":"https:\/\/orbit-zavlahy.sk\/obchod\/wp-json\/wp\/v2\/product_cat?post=2283"},{"taxonomy":"product_tag","embeddable":true,"href":"https:\/\/orbit-zavlahy.sk\/obchod\/wp-json\/wp\/v2\/product_tag?post=2283"}],"curies":[{"name":"wp","href":"https:\/\/api.w.org\/{rel}","templated":true}]}}