{"id":2243,"date":"2020-11-14T10:17:46","date_gmt":"2020-11-14T09:17:46","guid":{"rendered":"https:\/\/orbit-zavlahy.sk\/eshop\/?post_type=product&#038;p=2243"},"modified":"2020-11-14T10:18:57","modified_gmt":"2020-11-14T09:18:57","slug":"zavesne-svorky-do-dreva","status":"publish","type":"product","link":"https:\/\/orbit-zavlahy.sk\/obchod\/product\/zavesne-svorky-do-dreva\/","title":{"rendered":"Z\u00e1vesn\u00e9 svorky do dreva"},"content":{"rendered":"","protected":false},"excerpt":{"rendered":"<p>Vysoko kvalitn\u00e9 3\/8\u02ba z\u00e1vesn\u00e9 svorky s\u00fa ur\u010den\u00e9 pre uchytenie 3\/8\u02ba flexi-potrubia.Svorky s\u00fa vyroben\u00e9 v takom farebnom preveden\u00ed, aby ladili so v\u0161etk\u00fdmi 3\/8\u02ba komponentami vonkaj\u0161\u00edch hmlov\u00fdch syst\u00e9mov Orbit Arizona Mist. Ka\u017ed\u00e1 svorka m\u00e1 predpripraven\u00fd klinec \u2013 svorku sta\u010d\u00ed uchyti\u0165 o potrubie a pribi\u0165 na miesto.<br \/>\n\u2022 Jednoduch\u00e9 uchytenie 3\/8\u02ba flexi-potrubia vonkaj\u0161\u00edch hmlov\u00fdch syst\u00e9mov.<br \/>\n\u2022 Odoln\u00e1 kon\u0161trukcia.<br \/>\n\u2022 Farebne zhodn\u00e9 so v\u0161etk\u00fdmi 3\/8\u02ba produktmi Orbit Arizona Mist.<br \/>\n\u2022 4 roky z\u00e1ruka.<br \/>\n\u2022 Pre vonkaj\u0161ie pou\u017eitie iba so studenou vodou.<\/p>\n","protected":false},"featured_media":2244,"template":"","meta":{"spay_email":""},"product_cat":[29,63],"product_tag":[],"_links":{"self":[{"href":"https:\/\/orbit-zavlahy.sk\/obchod\/wp-json\/wp\/v2\/product\/2243"}],"collection":[{"href":"https:\/\/orbit-zavlahy.sk\/obchod\/wp-json\/wp\/v2\/product"}],"about":[{"href":"https:\/\/orbit-zavlahy.sk\/obchod\/wp-json\/wp\/v2\/types\/product"}],"wp:featuredmedia":[{"embeddable":true,"href":"https:\/\/orbit-zavlahy.sk\/obchod\/wp-json\/wp\/v2\/media\/2244"}],"wp:attachment":[{"href":"https:\/\/orbit-zavlahy.sk\/obchod\/wp-json\/wp\/v2\/media?parent=2243"}],"wp:term":[{"taxonomy":"product_cat","embeddable":true,"href":"https:\/\/orbit-zavlahy.sk\/obchod\/wp-json\/wp\/v2\/product_cat?post=2243"},{"taxonomy":"product_tag","embeddable":true,"href":"https:\/\/orbit-zavlahy.sk\/obchod\/wp-json\/wp\/v2\/product_tag?post=2243"}],"curies":[{"name":"wp","href":"https:\/\/api.w.org\/{rel}","templated":true}]}}