{"id":2235,"date":"2020-11-14T10:07:45","date_gmt":"2020-11-14T09:07:45","guid":{"rendered":"https:\/\/orbit-zavlahy.sk\/eshop\/?post_type=product&#038;p=2235"},"modified":"2020-11-14T10:09:00","modified_gmt":"2020-11-14T09:09:00","slug":"mosadzny-automaticky-vypustaci-ventil","status":"publish","type":"product","link":"https:\/\/orbit-zavlahy.sk\/obchod\/product\/mosadzny-automaticky-vypustaci-ventil\/","title":{"rendered":"Mosadzn\u00fd automatick\u00fd vyp\u00fa\u0161\u0165ac\u00ed ventil"},"content":{"rendered":"","protected":false},"excerpt":{"rendered":"<p>Automatick\u00fd hmlov\u00fd vyp\u00fa\u0161\u0165ac\u00ed ventil je nevyhnutnou s\u00fa\u010das\u0165ou ktor\u00e9hoko\u013evek hmlov\u00e9ho syst\u00e9mu. Je navrhnut\u00fd pre dva sp\u00f4soby in\u0161tal\u00e1cie: bu\u010f naskrutkovan\u00edm do 10\/24 vn\u00fatorn\u00e9ho z\u00e1vitu pre trysky alebo nasunut\u00edm do ktorejko\u013evek Slip-Lok tvarovky. Automatick\u00fd vyp\u00fa\u0161\u0165ac\u00ed ventil sa pou\u017e\u00edva na vypustenie vody zo syst\u00e9mu, ke\u010f sa nepou\u017e\u00edva.<br \/>\n\u2022 Zabra\u0148uje pred\u010dasn\u00e9mu upchatiu hmlovej trysky a predl\u017euje \u017eivotnos\u0165 V\u00e1\u0161ho<br \/>\nhmlov\u00e9ho syst\u00e9mu.<br \/>\n\u2022 Flexibiln\u00e1 in\u0161tal\u00e1cia: kompatibiln\u00e9 s ktorouko\u013evek tvarovkou s vn\u00fatorn\u00fdm 10\/24<br \/>\nz\u00e1vitom alebo ka\u017edou Orbit Slip-Lok tvarovkou.<br \/>\n\u2022 Vysoko kvalitn\u00e1 mosadz.<br \/>\n\u2022 Jednoduch\u00e1 in\u0161tal\u00e1cia.<br \/>\n\u2022 4 roky z\u00e1ruka.<br \/>\n\u2022 Pre vonkaj\u0161ie pou\u017eitie len so studenou vodou.<\/p>\n","protected":false},"featured_media":2236,"template":"","meta":{"spay_email":""},"product_cat":[29,62],"product_tag":[],"_links":{"self":[{"href":"https:\/\/orbit-zavlahy.sk\/obchod\/wp-json\/wp\/v2\/product\/2235"}],"collection":[{"href":"https:\/\/orbit-zavlahy.sk\/obchod\/wp-json\/wp\/v2\/product"}],"about":[{"href":"https:\/\/orbit-zavlahy.sk\/obchod\/wp-json\/wp\/v2\/types\/product"}],"wp:featuredmedia":[{"embeddable":true,"href":"https:\/\/orbit-zavlahy.sk\/obchod\/wp-json\/wp\/v2\/media\/2236"}],"wp:attachment":[{"href":"https:\/\/orbit-zavlahy.sk\/obchod\/wp-json\/wp\/v2\/media?parent=2235"}],"wp:term":[{"taxonomy":"product_cat","embeddable":true,"href":"https:\/\/orbit-zavlahy.sk\/obchod\/wp-json\/wp\/v2\/product_cat?post=2235"},{"taxonomy":"product_tag","embeddable":true,"href":"https:\/\/orbit-zavlahy.sk\/obchod\/wp-json\/wp\/v2\/product_tag?post=2235"}],"curies":[{"name":"wp","href":"https:\/\/api.w.org\/{rel}","templated":true}]}}