{"id":2199,"date":"2020-11-14T09:12:41","date_gmt":"2020-11-14T08:12:41","guid":{"rendered":"https:\/\/orbit-zavlahy.sk\/eshop\/?post_type=product&#038;p=2199"},"modified":"2020-12-11T13:18:43","modified_gmt":"2020-12-11T12:18:43","slug":"spectrum-mikrozavlazovac","status":"publish","type":"product","link":"https:\/\/orbit-zavlahy.sk\/obchod\/product\/spectrum-mikrozavlazovac\/","title":{"rendered":"SPECTRUM mikrozavla\u017eova\u010d"},"content":{"rendered":"","protected":false},"excerpt":{"rendered":"<p>mikrozavla\u017eova\u010d; 1,5 &#8211; 2 m polomer dostreku; v\u00fdse\u010d 360\u00b0 ; d\u013a\u017eka bodca 10 cm; ide plynule regulova\u0165 prietok 0 &#8211; 90 l\/hod; hlavicu mo\u017eno rozobra\u0165 a vy\u010disti\u0165; pripojenie flexibiln\u00fdm mikropotrub\u00edm 1\/4&#8243;; distrib\u00facia vody je formou jemn\u00e9horozstreku; doporu\u010den\u00e1 filtr\u00e1cia 120 mesh<\/p>\n","protected":false},"featured_media":2201,"template":"","meta":{"spay_email":""},"product_cat":[28,58],"product_tag":[],"_links":{"self":[{"href":"https:\/\/orbit-zavlahy.sk\/obchod\/wp-json\/wp\/v2\/product\/2199"}],"collection":[{"href":"https:\/\/orbit-zavlahy.sk\/obchod\/wp-json\/wp\/v2\/product"}],"about":[{"href":"https:\/\/orbit-zavlahy.sk\/obchod\/wp-json\/wp\/v2\/types\/product"}],"wp:featuredmedia":[{"embeddable":true,"href":"https:\/\/orbit-zavlahy.sk\/obchod\/wp-json\/wp\/v2\/media\/2201"}],"wp:attachment":[{"href":"https:\/\/orbit-zavlahy.sk\/obchod\/wp-json\/wp\/v2\/media?parent=2199"}],"wp:term":[{"taxonomy":"product_cat","embeddable":true,"href":"https:\/\/orbit-zavlahy.sk\/obchod\/wp-json\/wp\/v2\/product_cat?post=2199"},{"taxonomy":"product_tag","embeddable":true,"href":"https:\/\/orbit-zavlahy.sk\/obchod\/wp-json\/wp\/v2\/product_tag?post=2199"}],"curies":[{"name":"wp","href":"https:\/\/api.w.org\/{rel}","templated":true}]}}