{"id":2161,"date":"2020-11-13T17:26:40","date_gmt":"2020-11-13T16:26:40","guid":{"rendered":"https:\/\/orbit-zavlahy.sk\/eshop\/?post_type=product&#038;p=2161"},"modified":"2020-11-13T17:30:27","modified_gmt":"2020-11-13T16:30:27","slug":"standardne-trysky-3-ks-k-saturn-iii","status":"publish","type":"product","link":"https:\/\/orbit-zavlahy.sk\/obchod\/product\/standardne-trysky-3-ks-k-saturn-iii\/","title":{"rendered":"\u0160tandardn\u00e9 trysky 3 ks k Saturn III"},"content":{"rendered":"","protected":false},"excerpt":{"rendered":"<p>\u0160tandardn\u00e9 trysky 3 ks k <a href=\"https:\/\/orbit-zavlahy.sk\/eshop\/product\/saturn-iii-1-2-vysuvny-rotacny-rozstrekovac-s-1-2-vnutornym-pripojovacim-zavitom\/\">Saturn III \u2013 1\/2\u2033 v\u00fdsuvn\u00fd rota\u010dn\u00fd rozstrekova\u010d s 1\/2\u2033 vn\u00fatorn\u00fdm pripojovac\u00edm z\u00e1vitom<\/a>, dostrek 5,1 &#8211; 9 m.<\/p>\n","protected":false},"featured_media":1463,"template":"","meta":{"spay_email":""},"product_cat":[25,47],"product_tag":[],"_links":{"self":[{"href":"https:\/\/orbit-zavlahy.sk\/obchod\/wp-json\/wp\/v2\/product\/2161"}],"collection":[{"href":"https:\/\/orbit-zavlahy.sk\/obchod\/wp-json\/wp\/v2\/product"}],"about":[{"href":"https:\/\/orbit-zavlahy.sk\/obchod\/wp-json\/wp\/v2\/types\/product"}],"wp:featuredmedia":[{"embeddable":true,"href":"https:\/\/orbit-zavlahy.sk\/obchod\/wp-json\/wp\/v2\/media\/1463"}],"wp:attachment":[{"href":"https:\/\/orbit-zavlahy.sk\/obchod\/wp-json\/wp\/v2\/media?parent=2161"}],"wp:term":[{"taxonomy":"product_cat","embeddable":true,"href":"https:\/\/orbit-zavlahy.sk\/obchod\/wp-json\/wp\/v2\/product_cat?post=2161"},{"taxonomy":"product_tag","embeddable":true,"href":"https:\/\/orbit-zavlahy.sk\/obchod\/wp-json\/wp\/v2\/product_tag?post=2161"}],"curies":[{"name":"wp","href":"https:\/\/api.w.org\/{rel}","templated":true}]}}