{"id":2157,"date":"2020-11-13T17:07:35","date_gmt":"2020-11-13T16:07:35","guid":{"rendered":"https:\/\/orbit-zavlahy.sk\/eshop\/?post_type=product&#038;p=2157"},"modified":"2024-07-16T20:09:22","modified_gmt":"2024-07-16T18:09:22","slug":"saturn-iii-1-2-vysuvny-rotacny-rozstrekovac-s-1-2-vnutornym-pripojovacim-zavitom","status":"publish","type":"product","link":"https:\/\/orbit-zavlahy.sk\/obchod\/product\/saturn-iii-1-2-vysuvny-rotacny-rozstrekovac-s-1-2-vnutornym-pripojovacim-zavitom\/","title":{"rendered":"Saturn III &#8211; 1\/2&#8243; v\u00fdsuvn\u00fd rota\u010dn\u00fd rozstrekova\u010d s 1\/2&#8243; vn\u00fatorn\u00fdm pripojovac\u00edm z\u00e1vitom"},"content":{"rendered":"<p>Na stiahnutie: <a href=\"https:\/\/orbit-zavlahy.sk\/PDF\/saturn-iii.pdf\">SATURN III nastavenie a in\u0161tal\u00e1cia<\/a><\/p>\n","protected":false},"excerpt":{"rendered":"<p>Saturn III 1\/2&#8243; v\u00fdsuvn\u00fd rota\u010dn\u00fd rozstrekova\u010d s 1\/2&#8243; vn\u00fatorn\u00fdm pripojovac\u00edm z\u00e1vitom; v\u00fdsuvn\u00edk 10 cm; bezolejov\u00fd prevodov\u00fd mechanizmus Gear Drive Box; v\u00fdse\u010d rozstreku 40\u00b0 &#8211; 360\u00b0; dostrek v polomere a\u017e 9 m; 2,5 &#8211; 13 l\/min; 2,1 &#8211; 3,5 baru; vzostup 18\u00b0; so sadou 2 trysiek 5,1 &#8211; 9 m.<\/p>\n","protected":false},"featured_media":1459,"template":"","meta":{"spay_email":""},"product_cat":[25,47],"product_tag":[75],"_links":{"self":[{"href":"https:\/\/orbit-zavlahy.sk\/obchod\/wp-json\/wp\/v2\/product\/2157"}],"collection":[{"href":"https:\/\/orbit-zavlahy.sk\/obchod\/wp-json\/wp\/v2\/product"}],"about":[{"href":"https:\/\/orbit-zavlahy.sk\/obchod\/wp-json\/wp\/v2\/types\/product"}],"wp:featuredmedia":[{"embeddable":true,"href":"https:\/\/orbit-zavlahy.sk\/obchod\/wp-json\/wp\/v2\/media\/1459"}],"wp:attachment":[{"href":"https:\/\/orbit-zavlahy.sk\/obchod\/wp-json\/wp\/v2\/media?parent=2157"}],"wp:term":[{"taxonomy":"product_cat","embeddable":true,"href":"https:\/\/orbit-zavlahy.sk\/obchod\/wp-json\/wp\/v2\/product_cat?post=2157"},{"taxonomy":"product_tag","embeddable":true,"href":"https:\/\/orbit-zavlahy.sk\/obchod\/wp-json\/wp\/v2\/product_tag?post=2157"}],"curies":[{"name":"wp","href":"https:\/\/api.w.org\/{rel}","templated":true}]}}