{"id":2061,"date":"2020-11-13T14:45:27","date_gmt":"2020-11-13T13:45:27","guid":{"rendered":"https:\/\/orbit-zavlahy.sk\/eshop\/?post_type=product&#038;p=2061"},"modified":"2020-11-13T14:47:19","modified_gmt":"2020-11-13T13:47:19","slug":"koleno-nastrcne-16x16-mm","status":"publish","type":"product","link":"https:\/\/orbit-zavlahy.sk\/obchod\/product\/koleno-nastrcne-16x16-mm\/","title":{"rendered":"Koleno n\u00e1str\u010dn\u00e9 16&#215;16 mm"},"content":{"rendered":"","protected":false},"excerpt":{"rendered":"<p>koleno n\u00e1str\u010dn\u00e9 16&#215;16 mm; pre prepojenie kvapkovacieho alebo pru\u017en\u00e9ho potrubia<br \/>\n16 mm<\/p>\n","protected":false},"featured_media":2066,"template":"","meta":{"spay_email":""},"product_cat":[27,55],"product_tag":[],"_links":{"self":[{"href":"https:\/\/orbit-zavlahy.sk\/obchod\/wp-json\/wp\/v2\/product\/2061"}],"collection":[{"href":"https:\/\/orbit-zavlahy.sk\/obchod\/wp-json\/wp\/v2\/product"}],"about":[{"href":"https:\/\/orbit-zavlahy.sk\/obchod\/wp-json\/wp\/v2\/types\/product"}],"wp:featuredmedia":[{"embeddable":true,"href":"https:\/\/orbit-zavlahy.sk\/obchod\/wp-json\/wp\/v2\/media\/2066"}],"wp:attachment":[{"href":"https:\/\/orbit-zavlahy.sk\/obchod\/wp-json\/wp\/v2\/media?parent=2061"}],"wp:term":[{"taxonomy":"product_cat","embeddable":true,"href":"https:\/\/orbit-zavlahy.sk\/obchod\/wp-json\/wp\/v2\/product_cat?post=2061"},{"taxonomy":"product_tag","embeddable":true,"href":"https:\/\/orbit-zavlahy.sk\/obchod\/wp-json\/wp\/v2\/product_tag?post=2061"}],"curies":[{"name":"wp","href":"https:\/\/api.w.org\/{rel}","templated":true}]}}