{"id":2045,"date":"2020-11-13T14:29:40","date_gmt":"2020-11-13T13:29:40","guid":{"rendered":"https:\/\/orbit-zavlahy.sk\/eshop\/?post_type=product&#038;p=2045"},"modified":"2020-11-13T14:30:50","modified_gmt":"2020-11-13T13:30:50","slug":"hlavica-s-3-vyvodmi-1-vnutorny-zavit-x16x16x16","status":"publish","type":"product","link":"https:\/\/orbit-zavlahy.sk\/obchod\/product\/hlavica-s-3-vyvodmi-1-vnutorny-zavit-x16x16x16\/","title":{"rendered":"Hlavica s 3 v\u00fdvodmi, 1&#8243; vn\u00fatorn\u00fd z\u00e1vit x16x16x16"},"content":{"rendered":"","protected":false},"excerpt":{"rendered":"<p>hlavica s 3 v\u00fdvodmi, 1&#8243; vn\u00fatorn\u00fd z\u00e1vit x16x16x16 pre prepojenie medzi PE potrub\u00edm<br \/>\n32 mm a kvapkovac\u00edm potrub\u00edm 16 mm<\/p>\n","protected":false},"featured_media":1544,"template":"","meta":{"spay_email":""},"product_cat":[27,55],"product_tag":[],"_links":{"self":[{"href":"https:\/\/orbit-zavlahy.sk\/obchod\/wp-json\/wp\/v2\/product\/2045"}],"collection":[{"href":"https:\/\/orbit-zavlahy.sk\/obchod\/wp-json\/wp\/v2\/product"}],"about":[{"href":"https:\/\/orbit-zavlahy.sk\/obchod\/wp-json\/wp\/v2\/types\/product"}],"wp:featuredmedia":[{"embeddable":true,"href":"https:\/\/orbit-zavlahy.sk\/obchod\/wp-json\/wp\/v2\/media\/1544"}],"wp:attachment":[{"href":"https:\/\/orbit-zavlahy.sk\/obchod\/wp-json\/wp\/v2\/media?parent=2045"}],"wp:term":[{"taxonomy":"product_cat","embeddable":true,"href":"https:\/\/orbit-zavlahy.sk\/obchod\/wp-json\/wp\/v2\/product_cat?post=2045"},{"taxonomy":"product_tag","embeddable":true,"href":"https:\/\/orbit-zavlahy.sk\/obchod\/wp-json\/wp\/v2\/product_tag?post=2045"}],"curies":[{"name":"wp","href":"https:\/\/api.w.org\/{rel}","templated":true}]}}