{"id":2017,"date":"2020-11-13T14:02:49","date_gmt":"2020-11-13T13:02:49","guid":{"rendered":"https:\/\/orbit-zavlahy.sk\/eshop\/?post_type=product&#038;p=2017"},"modified":"2020-12-11T13:11:08","modified_gmt":"2020-12-11T12:11:08","slug":"pruzne-potrubie-priemer-16-mm-pn-4","status":"publish","type":"product","link":"https:\/\/orbit-zavlahy.sk\/obchod\/product\/pruzne-potrubie-priemer-16-mm-pn-4\/","title":{"rendered":"Pru\u017en\u00e9 potrubie priemer 16 mm PN-4 \/ bm"},"content":{"rendered":"","protected":false},"excerpt":{"rendered":"<p>Pru\u017en\u00e9 potrubie priemer 16 mm PN-4 (do 4 barov) pou\u017e\u00edva sa medzi kvapkovacie potrubie (kde nie je potreba zavla\u017eova\u0165) a pre rozvod vody pre individu\u00e1lnu mikroz\u00e1vlahu, cena za 1 m, balenie 50 m, prietok a\u017e 24 l\/min, mo\u017en\u00e9 deli\u0165 pod\u013ea potreby.<\/p>\n","protected":false},"featured_media":2018,"template":"","meta":{"spay_email":""},"product_cat":[27,55],"product_tag":[],"_links":{"self":[{"href":"https:\/\/orbit-zavlahy.sk\/obchod\/wp-json\/wp\/v2\/product\/2017"}],"collection":[{"href":"https:\/\/orbit-zavlahy.sk\/obchod\/wp-json\/wp\/v2\/product"}],"about":[{"href":"https:\/\/orbit-zavlahy.sk\/obchod\/wp-json\/wp\/v2\/types\/product"}],"wp:featuredmedia":[{"embeddable":true,"href":"https:\/\/orbit-zavlahy.sk\/obchod\/wp-json\/wp\/v2\/media\/2018"}],"wp:attachment":[{"href":"https:\/\/orbit-zavlahy.sk\/obchod\/wp-json\/wp\/v2\/media?parent=2017"}],"wp:term":[{"taxonomy":"product_cat","embeddable":true,"href":"https:\/\/orbit-zavlahy.sk\/obchod\/wp-json\/wp\/v2\/product_cat?post=2017"},{"taxonomy":"product_tag","embeddable":true,"href":"https:\/\/orbit-zavlahy.sk\/obchod\/wp-json\/wp\/v2\/product_tag?post=2017"}],"curies":[{"name":"wp","href":"https:\/\/api.w.org\/{rel}","templated":true}]}}