{"id":1945,"date":"2020-11-13T10:44:53","date_gmt":"2020-11-13T09:44:53","guid":{"rendered":"https:\/\/orbit-zavlahy.sk\/eshop\/?post_type=product&#038;p=1945"},"modified":"2020-11-25T15:24:06","modified_gmt":"2020-11-25T14:24:06","slug":"pripojka-pre-hadicu","status":"publish","type":"product","link":"https:\/\/orbit-zavlahy.sk\/obchod\/product\/pripojka-pre-hadicu\/","title":{"rendered":"Pr\u00edpojka pre hadicu 3\/4&#8243; vn\u00fatorn\u00fd z\u00e1vit"},"content":{"rendered":"","protected":false},"excerpt":{"rendered":"<p>Pr\u00edpojka pre hadicu &#8211; hadicov\u00fd adapt\u00e9r 3\/4&#8243; vn\u00fatorn\u00fd z\u00e1vit ku <a href=\"https:\/\/orbit-zavlahy.sk\/obchod\/product\/koleno-vnutorny-vonkajsi-zavit-3-4-x-3-4\/\">Kolenu, vn\u00fatorn\u00fd\/vonkaj\u0161\u00ed z\u00e1vit, 3\/4\u2033 x 3\/4\u2033<\/a><\/p>\n","protected":false},"featured_media":1947,"template":"","meta":{"spay_email":""},"product_cat":[54,51],"product_tag":[],"_links":{"self":[{"href":"https:\/\/orbit-zavlahy.sk\/obchod\/wp-json\/wp\/v2\/product\/1945"}],"collection":[{"href":"https:\/\/orbit-zavlahy.sk\/obchod\/wp-json\/wp\/v2\/product"}],"about":[{"href":"https:\/\/orbit-zavlahy.sk\/obchod\/wp-json\/wp\/v2\/types\/product"}],"wp:featuredmedia":[{"embeddable":true,"href":"https:\/\/orbit-zavlahy.sk\/obchod\/wp-json\/wp\/v2\/media\/1947"}],"wp:attachment":[{"href":"https:\/\/orbit-zavlahy.sk\/obchod\/wp-json\/wp\/v2\/media?parent=1945"}],"wp:term":[{"taxonomy":"product_cat","embeddable":true,"href":"https:\/\/orbit-zavlahy.sk\/obchod\/wp-json\/wp\/v2\/product_cat?post=1945"},{"taxonomy":"product_tag","embeddable":true,"href":"https:\/\/orbit-zavlahy.sk\/obchod\/wp-json\/wp\/v2\/product_tag?post=1945"}],"curies":[{"name":"wp","href":"https:\/\/api.w.org\/{rel}","templated":true}]}}