{"id":1922,"date":"2020-11-13T10:02:05","date_gmt":"2020-11-13T09:02:05","guid":{"rendered":"https:\/\/orbit-zavlahy.sk\/eshop\/?post_type=product&#038;p=1922"},"modified":"2020-12-16T12:22:52","modified_gmt":"2020-12-16T11:22:52","slug":"navrtavacia-objimka-s-vnutornym-zavitom-40-mm","status":"publish","type":"product","link":"https:\/\/orbit-zavlahy.sk\/obchod\/product\/navrtavacia-objimka-s-vnutornym-zavitom-40-mm\/","title":{"rendered":"Nav\u0155tavacia obj\u00edmka s vn\u00fatorn\u00fdm z\u00e1vitom &#8211; 40 mm"},"content":{"rendered":"","protected":false},"excerpt":{"rendered":"<p>nav\u0155tavacia obj\u00edmka s vn\u00fatorn\u00fdm z\u00e1vitom k zavla\u017eovaciemu potrubiu 40 mm<\/p>\n","protected":false},"featured_media":3130,"template":"","meta":{"spay_email":""},"product_cat":[53,51],"product_tag":[],"_links":{"self":[{"href":"https:\/\/orbit-zavlahy.sk\/obchod\/wp-json\/wp\/v2\/product\/1922"}],"collection":[{"href":"https:\/\/orbit-zavlahy.sk\/obchod\/wp-json\/wp\/v2\/product"}],"about":[{"href":"https:\/\/orbit-zavlahy.sk\/obchod\/wp-json\/wp\/v2\/types\/product"}],"wp:featuredmedia":[{"embeddable":true,"href":"https:\/\/orbit-zavlahy.sk\/obchod\/wp-json\/wp\/v2\/media\/3130"}],"wp:attachment":[{"href":"https:\/\/orbit-zavlahy.sk\/obchod\/wp-json\/wp\/v2\/media?parent=1922"}],"wp:term":[{"taxonomy":"product_cat","embeddable":true,"href":"https:\/\/orbit-zavlahy.sk\/obchod\/wp-json\/wp\/v2\/product_cat?post=1922"},{"taxonomy":"product_tag","embeddable":true,"href":"https:\/\/orbit-zavlahy.sk\/obchod\/wp-json\/wp\/v2\/product_tag?post=1922"}],"curies":[{"name":"wp","href":"https:\/\/api.w.org\/{rel}","templated":true}]}}